000
CDUS42 KTAE 010630
CLITLH

CLIMATE REPORT
NATIONAL WEATHER SERVICE TALLAHASSEE FL
230 AM EDT SAT OCT 01 2022

...................................

...THE TALLAHASSEE CLIMATE SUMMARY FOR SEPTEMBER 30 2022...

CLIMATE NORMAL PERIOD 1991 TO 2020
CLIMATE RECORD PERIOD 1896 TO 2022


WEATHER ITEM   OBSERVED TIME   RECORD YEAR NORMAL DEPARTURE LAST
                VALUE   (LST)  VALUE       VALUE  FROM      YEAR
                                                  NORMAL
...................................................................
TEMPERATURE (F)
 YESTERDAY
  MAXIMUM         82    345 PM  97    2019  86     -4       89
  MINIMUM         59    627 AM  40    1967  66     -7       64
  AVERAGE         71                        76     -5       77

PRECIPITATION (IN)
  YESTERDAY        0.00          4.02 1924   0.15  -0.15     0.00
  MONTH TO DATE    2.25                      4.91  -2.66     8.26
  SINCE SEP 1      2.25                      4.91  -2.66     8.26
  SINCE JAN 1     53.61                     48.23   5.38    41.37

SNOWFALL (IN)
  YESTERDAY        0.0                      MM     MM

DEGREE DAYS
 HEATING
  YESTERDAY        0                                0
  MONTH TO DATE    0                                0
  SINCE SEP 1      0                                0
  SINCE JUL 1      0                                0

 COOLING
  YESTERDAY        6                               -5
  MONTH TO DATE  430                                7
  SINCE SEP 1    430                                7
  SINCE JAN 1   2671                              178
...................................................................


WIND (MPH)
  HIGHEST WIND SPEED    16   HIGHEST WIND DIRECTION    NW (330)
  HIGHEST GUST SPEED    22   HIGHEST GUST DIRECTION     N (360)
  AVERAGE WIND SPEED     7.5


RELATIVE HUMIDITY (PERCENT)
 HIGHEST    84
 LOWEST     42
 AVERAGE    63

..........................................................


THE TALLAHASSEE CLIMATE NORMALS FOR TODAY
                         NORMAL    RECORD    YEAR
 MAXIMUM TEMPERATURE (F)   86        95      1933
                                             2019
 MINIMUM TEMPERATURE (F)   65        40      1967


SUNRISE AND SUNSET
OCTOBER  1 2022.......SUNRISE   731 AM EDT   SUNSET   723 PM EDT
OCTOBER  2 2022.......SUNRISE   732 AM EDT   SUNSET   721 PM EDT


-  INDICATES NEGATIVE NUMBERS.
R  INDICATES RECORD WAS SET OR TIED.
MM INDICATES DATA IS MISSING.
T  INDICATES TRACE AMOUNT.




$$
