000
CDUS41 KCLE 260527
CLITOL

CLIMATE REPORT
NATIONAL WEATHER SERVICE CLEVELAND, OH
127 AM EDT MON SEP 26 2022

...................................

...THE TOLEDO OH CLIMATE SUMMARY FOR SEPTEMBER 25 2022...

CLIMATE NORMAL PERIOD 1991 TO 2020
CLIMATE RECORD PERIOD 1873 TO 2022


WEATHER ITEM   OBSERVED TIME   RECORD YEAR NORMAL DEPARTURE LAST
                VALUE   (LST)  VALUE       VALUE  FROM      YEAR
                                                  NORMAL
...................................................................
TEMPERATURE (F)
 YESTERDAY
  MAXIMUM         70    234 PM  92    2017  74     -4       68
  MINIMUM         59   1159 PM  32    1976  52      7       47
  AVERAGE         65                        63      2       58

PRECIPITATION (IN)
  YESTERDAY        0.05                      0.09  -0.04     0.18
  MONTH TO DATE    2.74                      2.49   0.25     6.18
  SINCE SEP 1      2.74                      2.49   0.25     6.18
  SINCE JAN 1     26.49                     26.89  -0.40    30.86

SNOWFALL (IN)
  YESTERDAY        0.0                       0.0    0.0      0.0
  MONTH TO DATE    0.0                       0.0    0.0      0.0
  SINCE SEP 1      0.0                       0.0    0.0      0.0
  SINCE JUL 1      0.0                       0.0    0.0      0.0
  SNOW DEPTH       0

DEGREE DAYS
 HEATING
  YESTERDAY        0                         4     -4        7
  MONTH TO DATE   19                        47    -28       28
  SINCE SEP 1     19                        47    -28       28
  SINCE JUL 1     20                        52    -32       28

 COOLING
  YESTERDAY        0                         2     -2        0
  MONTH TO DATE  147                       105     42      140
  SINCE SEP 1    147                       105     42      140
  SINCE JAN 1   1215                       992    223     1235
...................................................................


WIND (MPH)
  HIGHEST WIND SPEED    24   HIGHEST WIND DIRECTION     W (280)
  HIGHEST GUST SPEED    34   HIGHEST GUST DIRECTION     W (270)
  AVERAGE WIND SPEED    10.3


SKY COVER
  POSSIBLE SUNSHINE  MM
  AVERAGE SKY COVER 0.8


WEATHER CONDITIONS
THE FOLLOWING WEATHER WAS RECORDED YESTERDAY.
  LIGHT RAIN
  FOG


RELATIVE HUMIDITY (PERCENT)
 HIGHEST    93           600 AM
 LOWEST     61           200 PM
 AVERAGE    77

..........................................................


THE TOLEDO OH CLIMATE NORMALS FOR TODAY
                         NORMAL    RECORD    YEAR
 MAXIMUM TEMPERATURE (F)   74        92      1998
                                             2017
 MINIMUM TEMPERATURE (F)   51        32      1940


SUNRISE AND SUNSET
SEPTEMBER 26 2022.....SUNRISE   727 AM EDT   SUNSET   725 PM EDT
SEPTEMBER 27 2022.....SUNRISE   728 AM EDT   SUNSET   724 PM EDT


-  INDICATES NEGATIVE NUMBERS.
R  INDICATES RECORD WAS SET OR TIED.
MM INDICATES DATA IS MISSING.
T  INDICATES TRACE AMOUNT.




$$
