000
CDUS43 KTOP 052131
CLITOP

CLIMATE REPORT
NATIONAL WEATHER SERVICE TOPEKA KS
431 PM CDT WED OCT 05 2022

...................................

...THE TOPEKA KS CLIMATE SUMMARY FOR OCTOBER 5 2022...
VALID TODAY AS OF 0400 PM LOCAL TIME.

CLIMATE NORMAL PERIOD 1991 TO 2020
CLIMATE RECORD PERIOD 1887 TO 2022


WEATHER ITEM   OBSERVED TIME   RECORD YEAR NORMAL DEPARTURE LAST
                VALUE   (LST)  VALUE       VALUE  FROM      YEAR
                                                  NORMAL
...................................................................
TEMPERATURE (F)
 TODAY
  MAXIMUM         83    259 PM  96    1963  74      9       80
  MINIMUM         61    726 AM  31    1964  50     11       48
  AVERAGE         72                        62     10       64

PRECIPITATION (IN)
  TODAY            T             1.55 2000   0.11  -0.11     0.00
  MONTH TO DATE    T                         0.57  -0.57     0.11
  SINCE SEP 1      1.21                      4.09  -2.88     3.36
  SINCE JAN 1     27.19                     30.98  -3.79    30.66

SNOWFALL (IN)
  TODAY            0.0           0.0    MM   0.0    0.0      0.0
  MONTH TO DATE    0.0                       0.0    0.0      0.0
  SINCE JAN 1     21.1                      11.6    9.5     14.9
  SINCE JUL 1      0.0                       0.0    0.0      0.0
  SNOW DEPTH       0

DEGREE DAYS
 HEATING
  TODAY            0                         5     -5        1
  MONTH TO DATE    2                        23    -21        1
  SINCE SEP 1     19                        74    -55       10
  SINCE JUL 1     19                        75    -56       10

 COOLING
  TODAY            7                         2      5        0
  MONTH TO DATE   11                        11      0        7
  SINCE SEP 1    240                       190     50      273
  SINCE JAN 1   1816                      1510    306     1632
...................................................................


WIND (MPH)
  HIGHEST WIND SPEED    16   HIGHEST WIND DIRECTION     W (270)
  HIGHEST GUST SPEED    25   HIGHEST GUST DIRECTION     W (250)
  AVERAGE WIND SPEED     5.6


WEATHER CONDITIONS
THE FOLLOWING WEATHER WAS RECORDED TODAY.
  LIGHT RAIN


RELATIVE HUMIDITY (PERCENT)
 HIGHEST    67           800 AM
 LOWEST     30           300 PM
 AVERAGE    49

..........................................................


THE TOPEKA KS CLIMATE NORMALS FOR TOMORROW
                         NORMAL    RECORD    YEAR
 MAXIMUM TEMPERATURE (F)   73        96      1939
 MINIMUM TEMPERATURE (F)   49        26      1889
                                             1952


SUNRISE AND SUNSET
OCTOBER  5 2022.......SUNRISE   722 AM CDT   SUNSET   659 PM CDT
OCTOBER  6 2022.......SUNRISE   723 AM CDT   SUNSET   657 PM CDT


-  INDICATES NEGATIVE NUMBERS.
R  INDICATES RECORD WAS SET OR TIED.
MM INDICATES DATA IS MISSING.
T  INDICATES TRACE AMOUNT.




$$
