000
CDUS45 KCYS 010729
CLITOR

CLIMATE REPORT
NATIONAL WEATHER SERVICE CHEYENNE WY
129 AM MDT SAT OCT 01 2022

...................................

...THE TORRINGTON WY AIRPORT CLIMATE SUMMARY FOR SEPTEMBER 30 2022...

CLIMATE NORMAL PERIOD 1991 TO 2020
CLIMATE RECORD PERIOD 1998 TO 2022


WEATHER ITEM   OBSERVED TIME   RECORD YEAR NORMAL DEPARTURE LAST
                VALUE   (LST)  VALUE       VALUE  FROM      YEAR
                                                  NORMAL
...................................................................
TEMPERATURE (F)
 YESTERDAY
  MAXIMUM         79    200 PM  87    2005  72      7       67
  MINIMUM         49    252 AM  32    1999  39     10       36
  AVERAGE         64                        56      8       52

PRECIPITATION (IN)
  YESTERDAY       MM             1.07 2004   0.04  MM        0.00
  MONTH TO DATE    T                         1.10  -1.10     0.43
  SINCE SEP 1      0.00                      1.10  -1.10     0.43
  SINCE JAN 1      5.56                     11.24  -5.68     7.94

DEGREE DAYS
 HEATING
  YESTERDAY        1                        10     -9       13
  MONTH TO DATE   75                       144    -69       74
  SINCE SEP 1     75                       144    -69       74
  SINCE JUL 1     75                       163    -88       75

 COOLING
  YESTERDAY        0                         0      0        0
  MONTH TO DATE  121                        60     61      107
  SINCE SEP 1    121                        60     61      107
  SINCE JAN 1   1016                       724    292      950
...................................................................


WIND (MPH)
  HIGHEST WIND SPEED    24   HIGHEST WIND DIRECTION    SW (240)
  HIGHEST GUST SPEED    34   HIGHEST GUST DIRECTION    SW (230)
  AVERAGE WIND SPEED     8.4


SKY COVER
  POSSIBLE SUNSHINE  MM
  AVERAGE SKY COVER 0.5


WEATHER CONDITIONS
THE FOLLOWING WEATHER WAS RECORDED YESTERDAY.
  RAIN
  LIGHT RAIN


RELATIVE HUMIDITY (PERCENT)
 HIGHEST    97          1100 PM
 LOWEST     32           200 PM
 AVERAGE    65

..........................................................


THE TORRINGTON WY AIRPORT CLIMATE NORMALS FOR TODAY
                         NORMAL    RECORD    YEAR
 MAXIMUM TEMPERATURE (F)   71        91      2005
 MINIMUM TEMPERATURE (F)   39        29      2003


SUNRISE AND SUNSET
OCTOBER  1 2022.......SUNRISE   654 AM MDT   SUNSET   638 PM MDT
OCTOBER  2 2022.......SUNRISE   655 AM MDT   SUNSET   636 PM MDT


-  INDICATES NEGATIVE NUMBERS.
R  INDICATES RECORD WAS SET OR TIED.
MM INDICATES DATA IS MISSING.
T  INDICATES TRACE AMOUNT.




$$
