000
CDUS42 KTBW 020849
CLITPA

CLIMATE REPORT
NATIONAL WEATHER SERVICE TAMPA BAY FL
449 AM EDT SUN OCT 02 2022

...................................

...THE TAMPA CLIMATE SUMMARY FOR OCTOBER 1 2022...

CLIMATE NORMAL PERIOD: 1991 TO 2020
CLIMATE RECORD PERIOD: 1890 TO 2022


WEATHER ITEM   OBSERVED TIME   RECORD YEAR NORMAL DEPARTURE LAST
                VALUE   (LST)  VALUE       VALUE  FROM      YEAR
                                                  NORMAL
...................................................................
TEMPERATURE (F)
 YESTERDAY
  MAXIMUM         82   4:49 PM  94    2017  89     -7       93
  MINIMUM         68   7:04 AM  52    1920  73     -5       74
  AVERAGE         75                        81     -6       84

PRECIPITATION (IN)
  YESTERDAY        0.00          2.36 1946   0.13  -0.13     0.00
  MONTH TO DATE    0.00                      0.13  -0.13     0.00
  SINCE SEP 1     11.90                      6.22   5.68     7.39
  SINCE JAN 1     52.93                     43.31   9.62    43.86

DEGREE DAYS
 HEATING
  YESTERDAY        0                         0      0        0
  MONTH TO DATE    0                         0      0        0
  SINCE SEP 1      0                         0      0        0
  SINCE JUL 1      0                         0      0        0

 COOLING
  YESTERDAY       10                        16     -6       19
  MONTH TO DATE   10                        16     -6       19
  SINCE SEP 1    527                       548    -21      571
  SINCE JAN 1   3846                      3276    570     3559
...................................................................


WIND (MPH)
  RESULTANT WIND SPEED   3   RESULTANT WIND DIRECTION  NW (330)
  HIGHEST WIND SPEED    13   HIGHEST WIND DIRECTION     N (340)
  HIGHEST GUST SPEED    22   HIGHEST GUST DIRECTION     W (290)
  AVERAGE WIND SPEED     5.9


SKY COVER
  POSSIBLE SUNSHINE  MM
  AVERAGE SKY COVER 0.3


WEATHER CONDITIONS
THE FOLLOWING WEATHER WAS RECORDED YESTERDAY.
  NO SIGNIFICANT WEATHER WAS OBSERVED.


RELATIVE HUMIDITY (PERCENT)
 HIGHEST    81           5:00 AM
 LOWEST     47           3:00 PM
 AVERAGE    64

..........................................................


THE TAMPA CLIMATE NORMALS FOR TODAY
                         NORMAL    RECORD    YEAR
 MAXIMUM TEMPERATURE (F)   89        93      1958
                                             1986
                                             2019
 MINIMUM TEMPERATURE (F)   73        55      1920


SUNRISE AND SUNSET
OCTOBER  2 2022.......SUNRISE   7:23 AM EDT   SUNSET   7:15 PM EDT
OCTOBER  3 2022.......SUNRISE   7:24 AM EDT   SUNSET   7:14 PM EDT


-  INDICATES NEGATIVE NUMBERS.
R  INDICATES RECORD WAS SET OR TIED.
MM INDICATES DATA IS MISSING.
T  INDICATES TRACE AMOUNT.




$$

&&
------------------------------------------------------------------
******************** SUPPLEMENTAL DATA ***************************

...RUSKIN                HIGH 85    LOW 65    PCPN 0.00
...SARASOTA/BRADENTON    HIGH 83    LOW 64    PCPN 0.00
...ST. PETERSBURG        HIGH 82    LOW 69    PCPN 0.00
...GULF WATER TEMPERATURE AT CLEARWATER BEACH 77 DEGREES
