000
CDUS45 KLKN 010027
CLITPH

CLIMATE REPORT
NATIONAL WEATHER SERVICE ELKO, NV
527 PM PDT FRI SEP 30 2022

...................................

...THE TONOPAH AIRPORT NV CLIMATE SUMMARY FOR SEPTEMBER 30 2022...
VALID TODAY AS OF 0500 PM LOCAL TIME.

CLIMATE NORMAL PERIOD 1991 TO 2020
CLIMATE RECORD PERIOD 1954 TO 2022


WEATHER ITEM   OBSERVED TIME   RECORD YEAR NORMAL DEPARTURE LAST
                VALUE   (LST)  VALUE       VALUE  FROM      YEAR
                                                  NORMAL
...................................................................
TEMPERATURE (F)
 TODAY
  MAXIMUM         79    336 PM  90    1980  75      4       72
  MINIMUM         47    601 AM  24    1982  45      2       37
  AVERAGE         63                        60      3       55

PRECIPITATION (IN)
  TODAY            0.00          0.51 1998   0.01  -0.01     0.00
  MONTH TO DATE    0.52                      0.45   0.07      T
  SINCE OCT 1      4.33                      4.79  -0.46     2.48
  SINCE JAN 1      3.04                      3.87  -0.83     2.19

DEGREE DAYS
 HEATING
  TODAY            2                         6     -4       10
  MONTH TO DATE   33                        67    -34       41
  SINCE SEP 1     33                        67    -34       41
  SINCE JUL 1     33                        70    -37       44

 COOLING
  TODAY            0                         0      0        0
  MONTH TO DATE  173                        86     87      127
  SINCE SEP 1    173                        86     87      127
  SINCE JAN 1   1177                       890    287     1239
...................................................................


WIND (MPH)
  HIGHEST WIND SPEED    17   HIGHEST WIND DIRECTION    NW (320)
  HIGHEST GUST SPEED    25   HIGHEST GUST DIRECTION    NW (320)


WEATHER CONDITIONS
THE FOLLOWING WEATHER WAS RECORDED TODAY.
  NO SIGNIFICANT WEATHER WAS OBSERVED.


RELATIVE HUMIDITY (PERCENT)
 HIGHEST    40           600 AM
 LOWEST     12           400 PM
 AVERAGE    26

..........................................................


THE TONOPAH AIRPORT NV CLIMATE NORMALS FOR TOMORROW
                         NORMAL    RECORD    YEAR
 MAXIMUM TEMPERATURE (F)   75        90      1980
 MINIMUM TEMPERATURE (F)   44        28      1982


SUNRISE AND SUNSET
SEPTEMBER 30 2022.....SUNRISE   643 AM PDT   SUNSET   633 PM PDT
OCTOBER  1 2022.......SUNRISE   644 AM PDT   SUNSET   631 PM PDT


-  INDICATES NEGATIVE NUMBERS.
R  INDICATES RECORD WAS SET OR TIED.
MM INDICATES DATA IS MISSING.
T  INDICATES TRACE AMOUNT.




$$
