000
CDUS44 KMRX 302119
CLITRI

CLIMATE REPORT
NATIONAL WEATHER SERVICE MORRISTOWN, TN
519 PM EDT FRI SEP 30 2022

...................................

...THE TRI-CITIES AIRPORT CLIMATE SUMMARY FOR SEPTEMBER 30 2022...
VALID TODAY AS OF 0500 PM LOCAL TIME.

CLIMATE NORMAL PERIOD: 1991 TO 2020
CLIMATE RECORD PERIOD: 1937 TO 2022


WEATHER ITEM   OBSERVED TIME   RECORD YEAR NORMAL DEPARTURE LAST
                VALUE   (LST)  VALUE       VALUE  FROM      YEAR
                                                  NORMAL
...................................................................
TEMPERATURE (F)
 TODAY
  MAXIMUM         64   1:59 PM  90    1941  76    -12       85
  MINIMUM         50   4:02 AM  34    1967  51     -1       55
  AVERAGE         57                        64     -7       70

PRECIPITATION (IN)
  TODAY            T             1.28 1954   0.10  -0.10     0.00
  MONTH TO DATE    2.41                      2.84  -0.43     1.67
  SINCE SEP 1      2.41                      2.84  -0.43     1.67
  SINCE JAN 1     34.66                     34.55   0.11    32.95

SNOWFALL (IN)
  TODAY            0.0                       0.0    0.0      0.0
  MONTH TO DATE    0.0                       0.0    0.0      0.0
  SINCE SEP 1      0.0                       0.0    0.0      0.0
  SINCE JUL 1      0.0                       0.0    0.0      0.0
  SNOW DEPTH       0

DEGREE DAYS
 HEATING
  TODAY            8                         4      4        0
  MONTH TO DATE   53                        34     19       27
  SINCE SEP 1     53                        34     19       27
  SINCE JUL 1     53                        35     18       27

 COOLING
  TODAY            0                         2     -2        5
  MONTH TO DATE  137                       142     -5      147
  SINCE SEP 1    137                       142     -5      147
  SINCE JAN 1   1285                      1084    201     1260
...................................................................


WIND (MPH)
  HIGHEST WIND SPEED    13   HIGHEST WIND DIRECTION    NE (40)
  HIGHEST GUST SPEED    21   HIGHEST GUST DIRECTION    NE (40)
  AVERAGE WIND SPEED     4.8


SKY COVER
  POSSIBLE SUNSHINE  MM
  AVERAGE SKY COVER 0.6


WEATHER CONDITIONS
THE FOLLOWING WEATHER WAS RECORDED TODAY.
  LIGHT RAIN


RELATIVE HUMIDITY (PERCENT)
 HIGHEST    77           4:00 AM
 LOWEST     48           1:00 PM
 AVERAGE    63

..........................................................


THE TRI-CITIES AIRPORT CLIMATE NORMALS FOR TOMORROW
                         NORMAL    RECORD    YEAR
 MAXIMUM TEMPERATURE (F)   76        93      2019
 MINIMUM TEMPERATURE (F)   51        31      1947


SUNRISE AND SUNSET
SEPTEMBER 30 2022.....SUNRISE   7:24 AM EDT   SUNSET   7:14 PM EDT
OCTOBER  1 2022.......SUNRISE   7:25 AM EDT   SUNSET   7:13 PM EDT


-  INDICATES NEGATIVE NUMBERS.
R  INDICATES RECORD WAS SET OR TIED.
MM INDICATES DATA IS MISSING.
T  INDICATES TRACE AMOUNT.




$$
