000
CDUS46 KSGX 260017
CLITRM

CLIMATE REPORT
NATIONAL WEATHER SERVICE SAN DIEGO, CA
517 PM PDT SUN SEP 25 2022

...................................

...THE THERMAL AIRPORT CA CLIMATE SUMMARY FOR SEPTEMBER 25 2022...
VALID TODAY AS OF 0400 PM LOCAL TIME.

CLIMATE NORMAL PERIOD: 1991 TO 2020
CLIMATE RECORD PERIOD: 1950 TO 2022


WEATHER ITEM   OBSERVED TIME   RECORD YEAR NORMAL DEPARTURE LAST
                VALUE   (LST)  VALUE       VALUE  FROM      YEAR
                                                  NORMAL
...................................................................
TEMPERATURE (F)
 TODAY
  MAXIMUM        110   1:31 PM 111    1963  99     11       93
  MINIMUM         85   5:55 AM  48    1993  65     20       67
  AVERAGE         98                        82     16       80

PRECIPITATION (IN)
  TODAY            0.00          1.91 1997   0.01  -0.01     0.00
  MONTH TO DATE    0.87                      0.29   0.58      T
  SINCE JUL 1      0.88                      0.54   0.34     0.61
  SINCE OCT 1      1.06                      2.93  -1.87     0.96
  SINCE JAN 1      0.92                      2.23  -1.31     0.92

DEGREE DAYS
 HEATING
  TODAY            0                         0      0        0
  MONTH TO DATE    0                         0      0        0
  SINCE SEP 1      0                         0      0        0
  SINCE JUL 1      0                         0      0        0

 COOLING
  TODAY           33                        17     16       15
  MONTH TO DATE  550                       516     34      570
  SINCE SEP 1    550                       516     34      570
  SINCE JAN 1   3865                      3472    393     3985
...................................................................


WIND (MPH)
  RESULTANT WIND SPEED   5   RESULTANT WIND DIRECTION  NW (330)
  HIGHEST WIND SPEED    14   HIGHEST WIND DIRECTION    SE (150)
  HIGHEST GUST SPEED    20   HIGHEST GUST DIRECTION    NW (330)
  AVERAGE WIND SPEED     7.0


SKY COVER
  POSSIBLE SUNSHINE  MM
  AVERAGE SKY COVER 0.0


WEATHER CONDITIONS
THE FOLLOWING WEATHER WAS RECORDED TODAY.
  NO SIGNIFICANT WEATHER WAS OBSERVED.


RELATIVE HUMIDITY (PERCENT)
 HIGHEST    37           6:00 AM
 LOWEST     15           3:00 PM
 AVERAGE    26

..........................................................


THE THERMAL AIRPORT CA CLIMATE NORMALS FOR TOMORROW
                         NORMAL    RECORD    YEAR
 MAXIMUM TEMPERATURE (F)   98       111      2010
 MINIMUM TEMPERATURE (F)   65        56      1986
                                             2007


SUNRISE AND SUNSET
SEPTEMBER 25 2022.....SUNRISE   6:35 AM PDT   SUNSET   6:37 PM PDT
SEPTEMBER 26 2022.....SUNRISE   6:36 AM PDT   SUNSET   6:36 PM PDT


-  INDICATES NEGATIVE NUMBERS.
R  INDICATES RECORD WAS SET OR TIED.
MM INDICATES DATA IS MISSING.
T  INDICATES TRACE AMOUNT.




$$
