000
CDUS41 KPHI 290602
CLITTN

CLIMATE REPORT
NATIONAL WEATHER SERVICE MOUNT HOLLY NJ
202 AM EDT THU SEP 29 2022

...................................

...THE TRENTON NJ CLIMATE SUMMARY FOR SEPTEMBER 28 2022...

CLIMATE NORMAL PERIOD: 1991 TO 2020
CLIMATE RECORD PERIOD: 1865 TO 2022


WEATHER ITEM   OBSERVED TIME   RECORD YEAR NORMAL DEPARTURE LAST
                VALUE   (LST)  VALUE       VALUE  FROM      YEAR
                                                  NORMAL
...................................................................
TEMPERATURE (F)
 YESTERDAY
  MAXIMUM         70   2:21 PM  88    1891  73     -3       71
  MINIMUM         48   6:09 AM  36    1991  53     -5       57
  AVERAGE         59                        63     -4       64

PRECIPITATION (IN)
  YESTERDAY        0.00          5.73 2004   0.14  -0.14     0.18
  MONTH TO DATE    2.43                      3.81  -1.38     7.79
  SINCE SEP 1      2.43                      3.81  -1.38     7.79
  SINCE JAN 1     31.23                     34.18  -2.95    37.56

SNOWFALL (IN)
  YESTERDAY        0.0
  MONTH TO DATE    0.0
  SINCE SEP 1      0.0
  SINCE JUL 1      0.0
  SNOW DEPTH       0

DEGREE DAYS
 HEATING
  YESTERDAY        6                         4      2        1
  MONTH TO DATE   32                        41     -9        7
  SINCE SEP 1     32                        41     -9        7
  SINCE JUL 1     32                        43    -11        7

 COOLING
  YESTERDAY        0                         2     -2        0
  MONTH TO DATE  131                       119     12      123
  SINCE SEP 1    131                       119     12      123
  SINCE JAN 1   1204                      1030    174     1123
...................................................................


WIND (MPH)
  HIGHEST WIND SPEED    15   HIGHEST WIND DIRECTION    NW (310)
  HIGHEST GUST SPEED    24   HIGHEST GUST DIRECTION     N (10)
  AVERAGE WIND SPEED     6.9


SKY COVER
  POSSIBLE SUNSHINE  MM
  AVERAGE SKY COVER 0.3


WEATHER CONDITIONS
THE FOLLOWING WEATHER WAS RECORDED YESTERDAY.
  NO SIGNIFICANT WEATHER WAS OBSERVED.


RELATIVE HUMIDITY (PERCENT)
 HIGHEST    86           5:00 AM
 LOWEST     49           3:00 PM
 AVERAGE    68

..........................................................


THE TRENTON NJ CLIMATE NORMALS FOR TODAY
                         NORMAL    RECORD    YEAR
 MAXIMUM TEMPERATURE (F)   72        88      1921
 MINIMUM TEMPERATURE (F)   53        38      1942


SUNRISE AND SUNSET
SEPTEMBER 29 2022.....SUNRISE   6:54 AM EDT   SUNSET   6:45 PM EDT
SEPTEMBER 30 2022.....SUNRISE   6:55 AM EDT   SUNSET   6:43 PM EDT


-  INDICATES NEGATIVE NUMBERS.
R  INDICATES RECORD WAS SET OR TIED.
MM INDICATES DATA IS MISSING.
T  INDICATES TRACE AMOUNT.




$$
