000
CDUS44 KTSA 010704
CLITUL

CLIMATE REPORT
NATIONAL WEATHER SERVICE TULSA OK
204 AM CDT SAT OCT 01 2022

...................................

...THE TULSA OKLAHOMA CLIMATE SUMMARY FOR SEPTEMBER 30 2022...

CLIMATE NORMAL PERIOD 1991 TO 2020
CLIMATE RECORD PERIOD 1882 TO 2022


WEATHER ITEM   OBSERVED TIME   RECORD YEAR NORMAL DEPARTURE LAST
                VALUE   (LST)  VALUE       VALUE  FROM      YEAR
                                                  NORMAL
...................................................................
TEMPERATURE (F)
 YESTERDAY
  MAXIMUM         80    501 PM  99    1979  80      0       85
  MINIMUM         50    638 AM  35    1984  57     -7       66
  AVERAGE         65                        68     -3       76

PRECIPITATION (IN)
  YESTERDAY        0.00          1.85 1959   0.12  -0.12     1.17
  MONTH TO DATE    1.91                      3.85  -1.94     1.32
  SINCE SEP 1      1.91                      3.85  -1.94     1.32
  SINCE JAN 1     26.36                     32.09  -5.73    29.25

DEGREE DAYS
 HEATING
  YESTERDAY        0                         2     -2        0
  MONTH TO DATE    0                        16    -16        0
  SINCE SEP 1      0                        16    -16        0
  SINCE JUL 1      0                        16    -16        0

 COOLING
  YESTERDAY        0                         5     -5       11
  MONTH TO DATE  355                       281     74      436
  SINCE SEP 1    355                       281     74      436
  SINCE JAN 1   2455                      2045    410     2144
...................................................................


WIND (MPH)
  HIGHEST WIND SPEED    13   HIGHEST WIND DIRECTION     E (70)
  HIGHEST GUST SPEED    17   HIGHEST GUST DIRECTION    SE (140)
  AVERAGE WIND SPEED     5.9


SKY COVER
  POSSIBLE SUNSHINE  MM
  AVERAGE SKY COVER 0.2


WEATHER CONDITIONS
THE FOLLOWING WEATHER WAS RECORDED YESTERDAY.
  NO SIGNIFICANT WEATHER WAS OBSERVED.


RELATIVE HUMIDITY (PERCENT)
 HIGHEST    72          1100 PM
 LOWEST     21           400 PM
 AVERAGE    47

..........................................................


THE TULSA OKLAHOMA CLIMATE NORMALS FOR TODAY
                         NORMAL    RECORD    YEAR
 MAXIMUM TEMPERATURE (F)   79        97      1910
 MINIMUM TEMPERATURE (F)   57        38      1958
                                             1984
                                             1985


SUNRISE AND SUNSET
OCTOBER  1 2022.......SUNRISE   719 AM CDT   SUNSET   707 PM CDT
OCTOBER  2 2022.......SUNRISE   720 AM CDT   SUNSET   706 PM CDT


-  INDICATES NEGATIVE NUMBERS.
R  INDICATES RECORD WAS SET OR TIED.
MM INDICATES DATA IS MISSING.
T  INDICATES TRACE AMOUNT.




$$
