000
CDUS44 KMEG 290633
CLITUP

CLIMATE REPORT
NATIONAL WEATHER SERVICE MEMPHIS TN
133 AM CDT THU SEP 29 2022

...................................

...THE TUPELO CLIMATE SUMMARY FOR SEPTEMBER 28 2022...

CLIMATE NORMAL PERIOD 1991 TO 2020
CLIMATE RECORD PERIOD 1930 TO 2022


WEATHER ITEM   OBSERVED TIME   RECORD YEAR NORMAL DEPARTURE LAST
                VALUE   (LST)  VALUE       VALUE  FROM      YEAR
                                                  NORMAL
...................................................................
TEMPERATURE (F)
 YESTERDAY
  MAXIMUM         78    200 PM  96    1936  83     -5       88
                                      1939
  MINIMUM         48    510 AM  39    1937  60    -12       65
  AVERAGE         63                        72     -9       77

PRECIPITATION (IN)
  YESTERDAY        0.00          2.51 1980   0.13  -0.13     0.00
  MONTH TO DATE    0.60                      3.29  -2.69     2.75
  SINCE SEP 1      0.60                      3.29  -2.69     2.75
  SINCE JAN 1     39.03                     43.08  -4.05    61.56

SNOWFALL (IN)
  YESTERDAY        0.0           0.0  2001   0.0    0.0      0.0
                                      2002
  MONTH TO DATE    0.0                       0.0    0.0      0.0
  SINCE SEP 1      0.0                       0.0    0.0      0.0
  SINCE JUL 1      0.0                       0.0    0.0      0.0
  SNOW DEPTH       0

DEGREE DAYS
 HEATING
  YESTERDAY        2                         1      1        0
  MONTH TO DATE    2                         2      0        1
  SINCE SEP 1      2                         2      0        1
  SINCE JUL 1      2                         2      0        1

 COOLING
  YESTERDAY        0                         7     -7       12
  MONTH TO DATE  346                       308     38      308
  SINCE SEP 1    346                       308     38      308
  SINCE JAN 1   2414                      2108    306     2103
...................................................................


WIND (MPH)
  HIGHEST WIND SPEED    26   HIGHEST WIND DIRECTION     N (10)
  HIGHEST GUST SPEED    31   HIGHEST GUST DIRECTION    NE (40)
  AVERAGE WIND SPEED    11.0


SKY COVER
  POSSIBLE SUNSHINE  MM
  AVERAGE SKY COVER 0.0


WEATHER CONDITIONS
THE FOLLOWING WEATHER WAS RECORDED YESTERDAY.
  NO SIGNIFICANT WEATHER WAS OBSERVED.


RELATIVE HUMIDITY (PERCENT)
 HIGHEST    80           500 AM
 LOWEST     19           500 PM
 AVERAGE    50

..........................................................


THE TUPELO CLIMATE NORMALS FOR TODAY
                         NORMAL    RECORD    YEAR
 MAXIMUM TEMPERATURE (F)   83        97      2019
 MINIMUM TEMPERATURE (F)   59        38      1967


SUNRISE AND SUNSET
SEPTEMBER 29 2022.....SUNRISE   648 AM CDT   SUNSET   642 PM CDT
SEPTEMBER 30 2022.....SUNRISE   649 AM CDT   SUNSET   641 PM CDT


-  INDICATES NEGATIVE NUMBERS.
R  INDICATES RECORD WAS SET OR TIED.
MM INDICATES DATA IS MISSING.
T  INDICATES TRACE AMOUNT.




$$
