000
CDUS45 KTWC 061434
CLITUS

CLIMATE REPORT
NATIONAL WEATHER SERVICE TUCSON AZ
734 AM MST THU OCT 06 2022

...................................

...THE TUCSON AZ CLIMATE SUMMARY FOR OCTOBER 6 2022...
VALID AS OF 0700 AM LOCAL TIME.

CLIMATE NORMAL PERIOD 1991 TO 2020
CLIMATE RECORD PERIOD 1895 TO 2022


WEATHER ITEM   OBSERVED TIME   RECORD YEAR NORMAL DEPARTURE LAST
                VALUE   (LST)  VALUE       VALUE  FROM      YEAR
                                                  NORMAL
...................................................................
TEMPERATURE (F)
 TODAY
  MINIMUM         63    653 AM  39    1908  63      0       63

PRECIPITATION (IN)
  TODAY            0.00          1.47 1977   0.03  -0.03     0.00
  MONTH TO DATE    0.43                      0.14   0.29     0.01
  SINCE OCT 1      0.43                      0.14   0.29     0.01
  SINCE JAN 1      6.04                      8.56  -2.52    13.84

SNOWFALL (IN)
  TODAY           MM

DEGREE DAYS
 HEATING
  TODAY            0                         0      0        0

 COOLING
  TODAY            1                        11    -10       13
...................................................................


WIND (MPH)
  HIGHEST WIND SPEED    14   HIGHEST WIND DIRECTION    SE (120)
  HIGHEST GUST SPEED    18   HIGHEST GUST DIRECTION    SE (120)
  AVERAGE WIND SPEED     7.2


SKY COVER
  POSSIBLE SUNSHINE  MM
  AVERAGE SKY COVER 0.2


WEATHER CONDITIONS
THE FOLLOWING WEATHER WAS RECORDED TODAY.
  NO SIGNIFICANT WEATHER WAS OBSERVED.


RELATIVE HUMIDITY (PERCENT)
 HIGHEST    72           700 AM

..........................................................


THE TUCSON AZ CLIMATE NORMALS FOR TOMORROW
                         NORMAL    RECORD    YEAR
 MAXIMUM TEMPERATURE (F)   89       101      1987
                                             2020
 MINIMUM TEMPERATURE (F)   63        41      1913


SUNRISE AND SUNSET
OCTOBER  6 2022.......SUNRISE   621 AM MST   SUNSET   602 PM MST
OCTOBER  7 2022.......SUNRISE   622 AM MST   SUNSET   601 PM MST


-  INDICATES NEGATIVE NUMBERS.
R  INDICATES RECORD WAS SET OR TIED.
MM INDICATES DATA IS MISSING.
T  INDICATES TRACE AMOUNT.




$$
