000
CDUS43 KAPX 020508
CLITVC

CLIMATE REPORT
NATIONAL WEATHER SERVICE
108 AM EDT SUN OCT 02 2022

...................................

...THE TRAVERSE CITY MI CLIMATE SUMMARY FOR OCTOBER 1 2022...

CLIMATE NORMAL PERIOD: 1991 TO 2020
CLIMATE RECORD PERIOD: 1896 TO 2022


WEATHER ITEM   OBSERVED TIME   RECORD YEAR NORMAL DEPARTURE LAST
                VALUE   (LST)  VALUE       VALUE  FROM      YEAR
                                                  NORMAL
...................................................................
TEMPERATURE (F)
 YESTERDAY
  MAXIMUM         68        MM  88    1971  66      2       80
  MINIMUM         38        MM  30    1960  46     -8       51
                                      2009
  AVERAGE         53                        56     -3       66

PRECIPITATION (IN)
  YESTERDAY        0.00          1.32 1988   0.12  -0.12     0.00
  MONTH TO DATE    0.00                      0.12  -0.12     0.00
  SINCE SEP 1      4.95                      3.49   1.46     2.34
  SINCE JAN 1     21.19                     21.62  -0.43    22.63

DEGREE DAYS
 HEATING
  YESTERDAY       12                        10               0
  MONTH TO DATE   12                        10               0
  SINCE SEP 1    138                       163              84
  SINCE JUL 1    146                       208              98

 COOLING
  YESTERDAY        0                         1               1
  MONTH TO DATE    0                         1               1
  SINCE SEP 1     98                        59              41
  SINCE JAN 1    685                       529             723
...................................................................


WIND (MPH)
  HIGHEST WIND SPEED    12   HIGHEST WIND DIRECTION    NE (30)
  HIGHEST GUST SPEED    MM   HIGHEST GUST DIRECTION    MM
  AVERAGE WIND SPEED     4.3


RELATIVE HUMIDITY (PERCENT)
 HIGHEST    93
 LOWEST     50
 AVERAGE    72

..........................................................


THE TRAVERSE CITY MI CLIMATE NORMALS FOR TODAY
                         NORMAL    RECORD    YEAR
 MAXIMUM TEMPERATURE (F)   65        89      1922
 MINIMUM TEMPERATURE (F)   46        30      1974


SUNRISE AND SUNSET
OCTOBER  2 2022.......SUNRISE   7:41 AM EDT   SUNSET   7:21 PM EDT
OCTOBER  3 2022.......SUNRISE   7:43 AM EDT   SUNSET   7:19 PM EDT


-  INDICATES NEGATIVE NUMBERS.
R  INDICATES RECORD WAS SET OR TIED.
MM INDICATES DATA IS MISSING.
T  INDICATES TRACE AMOUNT.




$$
