000
CDUS45 KREV 260840
CLITVL

CLIMATE REPORT
NATIONAL WEATHER SERVICE RENO NV
140 AM PDT MON SEP 26 2022

...................................

...THE SOUTH LAKE TAHOE CA CLIMATE SUMMARY FOR SEPTEMBER 25 2022...

CLIMATE NORMAL PERIOD 1991 TO 2020
CLIMATE RECORD PERIOD 1968 TO 2022


WEATHER ITEM   OBSERVED TIME   RECORD YEAR NORMAL DEPARTURE LAST
                VALUE   (LST)  VALUE       VALUE  FROM      YEAR
                                                  NORMAL
...................................................................
TEMPERATURE (F)
 YESTERDAY
  MAXIMUM         74    307 PM  84    2009  70      4       78
  MINIMUM         34    626 AM  19    1984  34      0       37
  AVERAGE         54                        52      2       58

PRECIPITATION (IN)
  YESTERDAY        T            MM      MM   0.01  -0.01     0.00
  MONTH TO DATE    1.19                      0.19   1.00     0.10
  SINCE OCT 1     19.94                     20.37  -0.43    10.11
  SINCE JAN 1      4.33                     13.51  -9.18     6.21

SNOWFALL (IN)
  YESTERDAY       MM

DEGREE DAYS
 HEATING
  YESTERDAY       11                        13     -2        7
  MONTH TO DATE  199                       248    -49      189
  SINCE SEP 1    199                       248    -49      189
  SINCE JUL 1    303                       529   -226      350

 COOLING
  YESTERDAY        0                         0      0        0
  MONTH TO DATE   24                         0     24        2
  SINCE SEP 1     24                         0     24        2
  SINCE JAN 1    100                        28     72      142
...................................................................


WIND (MPH)
  RESULTANT WIND SPEED   1   RESULTANT WIND DIRECTION  SE (130)
  HIGHEST WIND SPEED    10   HIGHEST WIND DIRECTION    NE (30)
  HIGHEST GUST SPEED    13   HIGHEST GUST DIRECTION    NE (30)
  AVERAGE WIND SPEED     2.5


WEATHER CONDITIONS
THE FOLLOWING WEATHER WAS RECORDED YESTERDAY.
  LIGHT RAIN


RELATIVE HUMIDITY (PERCENT)
 HIGHEST    85
 LOWEST     27
 AVERAGE    56

..........................................................


THE SOUTH LAKE TAHOE CA CLIMATE NORMALS FOR TODAY
                         NORMAL    RECORD    YEAR
 MAXIMUM TEMPERATURE (F)   70        85      2009
 MINIMUM TEMPERATURE (F)   33        24      1970


SUNRISE AND SUNSET
SEPTEMBER 26 2022.....SUNRISE   651 AM PDT   SUNSET   650 PM PDT
SEPTEMBER 27 2022.....SUNRISE   652 AM PDT   SUNSET   649 PM PDT


-  INDICATES NEGATIVE NUMBERS.
R  INDICATES RECORD WAS SET OR TIED.
MM INDICATES DATA IS MISSING.
T  INDICATES TRACE AMOUNT.




$$
