000
CDUS44 KJAN 010703
CLITVR

CLIMATE REPORT
NATIONAL WEATHER SERVICE JACKSON MS
203 AM CDT SAT OCT 01 2022

...................................

...THE VICKSBURG CLIMATE SUMMARY FOR SEPTEMBER 30 2022...

CLIMATE NORMAL PERIOD: 1991 TO 2020
CLIMATE RECORD PERIOD: 1948 TO 2022


WEATHER ITEM   OBSERVED TIME   RECORD YEAR NORMAL DEPARTURE LAST
                VALUE   (LST)  VALUE       VALUE  FROM      YEAR
                                                  NORMAL
...................................................................
TEMPERATURE (F)
 YESTERDAY
  MAXIMUM         82   3:39 PM  95    1994  85     -3       87
  MINIMUM         51   6:07 AM  35    1949  61    -10       71
  AVERAGE         67                        73     -6       79

PRECIPITATION (IN)
  YESTERDAY        0.00          2.30 2012   0.10  -0.10     0.17
  MONTH TO DATE    0.80                      3.00  -2.20     4.44
  SINCE SEP 1      0.80                      3.00  -2.20     4.44
  SINCE JAN 1     41.79                     39.92   1.87    38.43

SNOWFALL (IN)
  YESTERDAY        0.0

DEGREE DAYS
 HEATING
  YESTERDAY        0                         0      0        0
  MONTH TO DATE    0                         0      0        0
  SINCE SEP 1      0                         0      0        0
  SINCE JUL 1      0                         0      0        0

 COOLING
  YESTERDAY        2                         8     -6       14
  MONTH TO DATE  361                       370     -9      399
  SINCE SEP 1    361                       370     -9      399
  SINCE JAN 1   2626                      2376    250     2611
...................................................................


WIND (MPH)
  HIGHEST WIND SPEED    15   HIGHEST WIND DIRECTION     N (10)
  HIGHEST GUST SPEED    20   HIGHEST GUST DIRECTION     N (360)
  AVERAGE WIND SPEED     4.8


SKY COVER
  POSSIBLE SUNSHINE  MM
  AVERAGE SKY COVER 0.0


WEATHER CONDITIONS
THE FOLLOWING WEATHER WAS RECORDED YESTERDAY.
  NO SIGNIFICANT WEATHER WAS OBSERVED.


RELATIVE HUMIDITY (PERCENT)
 HIGHEST    90          11:00 PM
 LOWEST     27           3:00 PM
 AVERAGE    59

..........................................................


THE VICKSBURG CLIMATE NORMALS FOR TODAY
                         NORMAL    RECORD    YEAR
 MAXIMUM TEMPERATURE (F)   85        96      2019
 MINIMUM TEMPERATURE (F)   61        37      1984


SUNRISE AND SUNSET
OCTOBER  1 2022.......SUNRISE   6:58 AM CDT   SUNSET   6:49 PM CDT
OCTOBER  2 2022.......SUNRISE   6:59 AM CDT   SUNSET   6:47 PM CDT


-  INDICATES NEGATIVE NUMBERS.
R  INDICATES RECORD WAS SET OR TIED.
MM INDICATES DATA IS MISSING.
T  INDICATES TRACE AMOUNT.




$$
