000
CDUS44 KSHV 060732
CLITXK

CLIMATE REPORT
NATIONAL WEATHER SERVICE SHREVEPORT, LA
232 AM CDT THU OCT 06 2022

...................................

...THE TEXARKANA CLIMATE SUMMARY FOR OCTOBER 5 2022...

CLIMATE NORMAL PERIOD: 1991 TO 2020
CLIMATE RECORD PERIOD: 1896 TO 2022


WEATHER ITEM   OBSERVED TIME   RECORD YEAR NORMAL DEPARTURE LAST
                VALUE   (LST)  VALUE       VALUE  FROM      YEAR
                                                  NORMAL
...................................................................
TEMPERATURE (F)
 YESTERDAY
  MAXIMUM         86   1:59 PM  97    1898  80      6       86
  MINIMUM         53   6:34 AM  39    1932  58     -5       61
                                      2010
  AVERAGE         70                        69      1       74

PRECIPITATION (IN)
  YESTERDAY        0.00          1.42 1976   0.13  -0.13     0.00
  MONTH TO DATE    0.00                      0.70  -0.70     0.59
  SINCE SEP 1      1.50                      4.30  -2.80     1.54
  SINCE JAN 1     33.82                     36.47  -2.65    39.68

SNOWFALL (IN)
  YESTERDAY        0.0
  MONTH TO DATE    0.0
  SINCE SEP 1      0.0
  SINCE JUL 1      0.0
  SNOW DEPTH       0

DEGREE DAYS
 HEATING
  YESTERDAY        0                         1     -1        0
  MONTH TO DATE    0                         5     -5        0
  SINCE SEP 1      0                        11    -11        0
  SINCE JUL 1      0                        11    -11        0

 COOLING
  YESTERDAY        5                         5      0        9
  MONTH TO DATE   19                        29    -10       61
  SINCE SEP 1    419                       349     70      481
  SINCE JAN 1   2843                      2157    686     2479
...................................................................


WIND (MPH)
  HIGHEST WIND SPEED     9   HIGHEST WIND DIRECTION     N (350)
  HIGHEST GUST SPEED    15   HIGHEST GUST DIRECTION    NW (310)
  AVERAGE WIND SPEED     1.9


SKY COVER
  POSSIBLE SUNSHINE  MM
  AVERAGE SKY COVER 0.0


WEATHER CONDITIONS
THE FOLLOWING WEATHER WAS RECORDED YESTERDAY.
  NO SIGNIFICANT WEATHER WAS OBSERVED.


RELATIVE HUMIDITY (PERCENT)
 HIGHEST    83           6:00 AM
 LOWEST     31           2:00 PM
 AVERAGE    57

..........................................................


THE TEXARKANA CLIMATE NORMALS FOR TODAY
                         NORMAL    RECORD    YEAR
 MAXIMUM TEMPERATURE (F)   80        97      1939
 MINIMUM TEMPERATURE (F)   58        33      1932


SUNRISE AND SUNSET
OCTOBER  6 2022.......SUNRISE   7:14 AM CDT   SUNSET   6:54 PM CDT
OCTOBER  7 2022.......SUNRISE   7:15 AM CDT   SUNSET   6:52 PM CDT


-  INDICATES NEGATIVE NUMBERS.
R  INDICATES RECORD WAS SET OR TIED.
MM INDICATES DATA IS MISSING.
T  INDICATES TRACE AMOUNT.




$$
