000
CDUS44 KSHV 260745
CLITYR

CLIMATE REPORT
NATIONAL WEATHER SERVICE SHREVEPORT, LA
245 AM CDT MON SEP 26 2022

...................................

...THE TYLER CLIMATE SUMMARY FOR SEPTEMBER 25 2022...

CLIMATE NORMAL PERIOD: 1991 TO 2020
CLIMATE RECORD PERIOD: 1883 TO 2022


WEATHER ITEM   OBSERVED TIME   RECORD YEAR NORMAL DEPARTURE LAST
                VALUE   (LST)  VALUE       VALUE  FROM      YEAR
                                                  NORMAL
...................................................................
TEMPERATURE (F)
 YESTERDAY
  MAXIMUM         96   4:14 PM 100    2011  86     10       89
  MINIMUM         69   4:07 AM  43    1989  64      5       57
  AVERAGE         83                        75      8       73

PRECIPITATION (IN)
  YESTERDAY        0.00          2.00 1893   0.10  -0.10     0.00
  MONTH TO DATE    0.65                      2.55  -1.90     0.20
  SINCE SEP 1      0.65                      2.55  -1.90     0.20
  SINCE JAN 1     22.45                     29.98  -7.53    39.44

SNOWFALL (IN)
  YESTERDAY        0.0
  MONTH TO DATE    0.0
  SINCE SEP 1      0.0
  SINCE JUL 1      0.0
  SNOW DEPTH       0

DEGREE DAYS
 HEATING
  YESTERDAY        0                         0      0        0
  MONTH TO DATE    0                         0      0        0
  SINCE SEP 1      0                         0      0        0
  SINCE JUL 1      0                         0      0        0

 COOLING
  YESTERDAY       18                        10      8        8
  MONTH TO DATE  408                       345     63      369
  SINCE SEP 1    408                       345     63      369
  SINCE JAN 1   3024                      2451    573     2379
...................................................................


WIND (MPH)
  HIGHEST WIND SPEED    20   HIGHEST WIND DIRECTION    NW (320)
  HIGHEST GUST SPEED    24   HIGHEST GUST DIRECTION    NW (320)
  AVERAGE WIND SPEED     5.8


SKY COVER
  POSSIBLE SUNSHINE  MM
  AVERAGE SKY COVER 0.0


WEATHER CONDITIONS
THE FOLLOWING WEATHER WAS RECORDED YESTERDAY.
  THUNDERSTORM


RELATIVE HUMIDITY (PERCENT)
 HIGHEST    82           7:00 AM
 LOWEST     39           2:00 PM
 AVERAGE    61

..........................................................


THE TYLER CLIMATE NORMALS FOR TODAY
                         NORMAL    RECORD    YEAR
 MAXIMUM TEMPERATURE (F)   86       100      1939
                                             2005
 MINIMUM TEMPERATURE (F)   64        43      1956
                                             1975
                                             1982


SUNRISE AND SUNSET
SEPTEMBER 26 2022.....SUNRISE   7:12 AM CDT   SUNSET   7:13 PM CDT
SEPTEMBER 27 2022.....SUNRISE   7:13 AM CDT   SUNSET   7:11 PM CDT


-  INDICATES NEGATIVE NUMBERS.
R  INDICATES RECORD WAS SET OR TIED.
MM INDICATES DATA IS MISSING.
T  INDICATES TRACE AMOUNT.




$$
