000
CDUS44 KMRX 020911
CLITYS

CLIMATE REPORT
NATIONAL WEATHER SERVICE MORRISTOWN, TN
511 AM EDT SUN OCT 02 2022

...................................

...THE KNOXVILLE MCGHEE TYSON AIRPORT CLIMATE SUMMARY FOR OCTOBER 1 2022...

CLIMATE NORMAL PERIOD: 1991 TO 2020
CLIMATE RECORD PERIOD: 1871 TO 2022


WEATHER ITEM   OBSERVED TIME   RECORD YEAR NORMAL DEPARTURE LAST
                VALUE   (LST)  VALUE       VALUE  FROM      YEAR
                                                  NORMAL
...................................................................
TEMPERATURE (F)
 YESTERDAY
  MAXIMUM         60   4:44 PM  95    2019  77    -17       82
  MINIMUM         52   8:10 AM  36    1876  55     -3       60
                                      1895
                                      1924
  AVERAGE         56                        66    -10       71

PRECIPITATION (IN)
  YESTERDAY        0.06          1.85 1973   0.11  -0.05     0.00
  MONTH TO DATE    0.06                      0.11  -0.05     0.00
  SINCE SEP 1      2.52                      3.60  -1.08     1.72
  SINCE JAN 1     41.77                     40.02   1.75    37.37

SNOWFALL (IN)
  YESTERDAY        0.0                       0.0    0.0      0.0
  MONTH TO DATE    0.0                       0.0    0.0      0.0
  SINCE SEP 1      0.0                       0.0    0.0      0.0
  SINCE JUL 1      0.0                       0.0    0.0      0.0
  SNOW DEPTH       0

DEGREE DAYS
 HEATING
  YESTERDAY        9                         2      7        0
  MONTH TO DATE    9                         2      7        0
  SINCE SEP 1     36                        19     17       15
  SINCE JUL 1     36                        19     17       15

 COOLING
  YESTERDAY        0                         4     -4        6
  MONTH TO DATE    0                         4     -4        6
  SINCE SEP 1    200                       224    -24      205
  SINCE JAN 1   1710                      1531    179     1549
...................................................................


WIND (MPH)
  HIGHEST WIND SPEED    14   HIGHEST WIND DIRECTION     N (340)
  HIGHEST GUST SPEED    22   HIGHEST GUST DIRECTION     N (360)
  AVERAGE WIND SPEED     5.4


SKY COVER
  POSSIBLE SUNSHINE  MM
  AVERAGE SKY COVER 1.0


WEATHER CONDITIONS
THE FOLLOWING WEATHER WAS RECORDED YESTERDAY.
  LIGHT RAIN
  FOG


RELATIVE HUMIDITY (PERCENT)
 HIGHEST    96           8:00 AM
 LOWEST     60          12:00 AM
 AVERAGE    78

..........................................................


THE KNOXVILLE MCGHEE TYSON AIRPORT CLIMATE NORMALS FOR TODAY
                         NORMAL    RECORD    YEAR
 MAXIMUM TEMPERATURE (F)   77        96      2019
 MINIMUM TEMPERATURE (F)   55        36      1895
                                             1946


SUNRISE AND SUNSET
OCTOBER  2 2022.......SUNRISE   7:32 AM EDT   SUNSET   7:18 PM EDT
OCTOBER  3 2022.......SUNRISE   7:33 AM EDT   SUNSET   7:17 PM EDT


-  INDICATES NEGATIVE NUMBERS.
R  INDICATES RECORD WAS SET OR TIED.
MM INDICATES DATA IS MISSING.
T  INDICATES TRACE AMOUNT.




$$
