000
CDUS43 KLOT 020633
CLIUGN

CLIMATE REPORT
NATIONAL WEATHER SERVICE CHICAGO IL
133 AM CDT SUN OCT 02 2022

...................................

...THE WAUKEGAN IL CLIMATE SUMMARY FOR OCTOBER 1 2022...

CLIMATE NORMAL PERIOD: 1991 TO 2020
CLIMATE RECORD PERIOD: 2000 TO 2022


WEATHER ITEM   OBSERVED TIME   RECORD YEAR NORMAL DEPARTURE LAST
                VALUE   (LST)  VALUE       VALUE  FROM      YEAR
                                                  NORMAL
...................................................................
TEMPERATURE (F)
 YESTERDAY
  MAXIMUM         66   2:18 PM  82    2000  67     -1       80
  MINIMUM         44   5:25 AM  32    2003  48     -4       55
  AVERAGE         55                        57     -2       68

PRECIPITATION (IN)
  YESTERDAY        0.00          1.32 2018   0.13  -0.13     0.00
  MONTH TO DATE    0.00                      0.13  -0.13     0.00
  SINCE SEP 1      3.28                      3.70  -0.42     1.22
  SINCE JAN 1     27.64                     28.06  -0.42    12.47

DEGREE DAYS
 HEATING
  YESTERDAY       10                         8      2        0
  MONTH TO DATE   10                         8      2        0
  SINCE SEP 1    101                       129    -28       26
  SINCE JUL 1    103                       154    -51       34

 COOLING
  YESTERDAY        0                         1     -1        3
  MONTH TO DATE    0                         1     -1        3
  SINCE SEP 1    100                        72     28      118
  SINCE JAN 1    755                       619    136      921
...................................................................


WIND (MPH)
  HIGHEST WIND SPEED    14   HIGHEST WIND DIRECTION    NE (30)
  HIGHEST GUST SPEED    19   HIGHEST GUST DIRECTION    NE (30)
  AVERAGE WIND SPEED     5.4


WEATHER CONDITIONS
THE FOLLOWING WEATHER WAS RECORDED YESTERDAY.
  FOG


RELATIVE HUMIDITY (PERCENT)
 HIGHEST    97           6:00 AM
 LOWEST     54           3:00 PM
 AVERAGE    76

..........................................................


THE WAUKEGAN IL CLIMATE NORMALS FOR TODAY
                         NORMAL    RECORD    YEAR
 MAXIMUM TEMPERATURE (F)   67        83      2021
 MINIMUM TEMPERATURE (F)   48        28      2003


SUNRISE AND SUNSET
OCTOBER  2 2022.......SUNRISE   6:50 AM CDT   SUNSET   6:31 PM CDT
OCTOBER  3 2022.......SUNRISE   6:51 AM CDT   SUNSET   6:29 PM CDT


-  INDICATES NEGATIVE NUMBERS.
R  INDICATES RECORD WAS SET OR TIED.
MM INDICATES DATA IS MISSING.
T  INDICATES TRACE AMOUNT.




$$
