000
CDUS46 KSEW 290830
CLIUIL

CLIMATE REPORT
NATIONAL WEATHER SERVICE SEATTLE
130 AM PDT THU SEP 29 2022

...................................

...THE QUILLAYUTE WA AIRPORT CLIMATE SUMMARY FOR SEPTEMBER 28 2022...

CLIMATE NORMAL PERIOD 1991 TO 2020
CLIMATE RECORD PERIOD 1966 TO 2022


WEATHER ITEM   OBSERVED TIME   RECORD YEAR NORMAL DEPARTURE LAST
                VALUE   (LST)  VALUE       VALUE  FROM      YEAR
                                                  NORMAL
...................................................................
TEMPERATURE (F)
 YESTERDAY
  MAXIMUM         64   1247 PM  86    1989  64      0       59
  MINIMUM         55    254 AM  30    1983  45     10       50
  AVERAGE         60                        55      5       55

PRECIPITATION (IN)
  YESTERDAY        0.36          1.93 2013   0.20   0.16     0.23
  MONTH TO DATE    1.12                      4.13  -3.01     7.74
  SINCE OCT 1    121.20                    100.89  20.31    94.29
  SINCE JAN 1     60.63                     61.11  -0.48    53.20

DEGREE DAYS
 HEATING
  YESTERDAY        5                        10     -5       10
  MONTH TO DATE  121                       218    -97      210
  SINCE SEP 1    121                       218    -97      210
  SINCE JUL 1    311                       565   -254      502

 COOLING
  YESTERDAY        0                         0      0        0
  MONTH TO DATE   10                         0     10        2
  SINCE SEP 1     10                         0     10        2
  SINCE JAN 1     40                        19     21       62
...................................................................


WIND (MPH)
  RESULTANT WIND SPEED   2   RESULTANT WIND DIRECTION  SE (120)
  HIGHEST WIND SPEED    12   HIGHEST WIND DIRECTION     S (200)
  HIGHEST GUST SPEED    17   HIGHEST GUST DIRECTION     S (190)
  AVERAGE WIND SPEED     3.4


SKY COVER
  AVERAGE SKY COVER 0.9


WEATHER CONDITIONS
THE FOLLOWING WEATHER WAS RECORDED YESTERDAY.
  RAIN
  LIGHT RAIN


RELATIVE HUMIDITY (PERCENT)
 HIGHEST   100           600 PM
 LOWEST     75          1200 PM
 AVERAGE    88

..........................................................


THE QUILLAYUTE WA AIRPORT CLIMATE NORMALS FOR TODAY
                         NORMAL    RECORD    YEAR
 MAXIMUM TEMPERATURE (F)   64        86      2020
 MINIMUM TEMPERATURE (F)   45        31      1983


SUNRISE AND SUNSET
SEPTEMBER 29 2022.....SUNRISE   715 AM PDT   SUNSET   701 PM PDT
SEPTEMBER 30 2022.....SUNRISE   716 AM PDT   SUNSET   659 PM PDT


-  INDICATES NEGATIVE NUMBERS.
R  INDICATES RECORD WAS SET OR TIED.
MM INDICATES DATA IS MISSING.
T  INDICATES TRACE AMOUNT.




$$
