000
CDUS43 KLSX 052231
CLIUIN

CLIMATE REPORT
NATIONAL WEATHER SERVICE ST LOUIS MO
531 PM CDT WED OCT 05 2022

...................................

...THE QUINCY IL CLIMATE SUMMARY FOR OCTOBER 5 2022...
VALID AS OF 0500 PM LOCAL TIME.

CLIMATE NORMAL PERIOD 1991 TO 2020
CLIMATE RECORD PERIOD 1901 TO 2022


WEATHER ITEM   OBSERVED TIME   RECORD YEAR NORMAL DEPARTURE LAST
                VALUE   (LST)  VALUE       VALUE  FROM      YEAR
                                                  NORMAL
...................................................................
TEMPERATURE (F)
 TODAY
  MAXIMUM         74    249 PM  89    1931  70      4       73
                                      1937
                                      1938
  MINIMUM         47    529 AM  31    1988  49     -2       58
  AVERAGE         61                        60      1       66

PRECIPITATION (IN)
  TODAY            0.00          3.67 1955   0.11  -0.11      T
  MONTH TO DATE    0.00                      0.55  -0.55     0.70
  SINCE SEP 1      4.18                      3.64   0.54     2.17
  SINCE JAN 1     25.91                     29.72  -3.81    31.70

DEGREE DAYS
 HEATING
  TODAY            4                         7     -3        0
  MONTH TO DATE   24                        32     -8        3
  SINCE SEP 1     87                       105    -18       19
  SINCE JUL 1     87                       110    -23       19

 COOLING
  TODAY            0                         1     -1        1
  MONTH TO DATE    0                         9     -9       14
  SINCE SEP 1    165                       142     23      218
  SINCE JAN 1   1348                      1138    210     1325
...................................................................


WIND (MPH)
  HIGHEST WIND SPEED    13   HIGHEST WIND DIRECTION     S (200)
  HIGHEST GUST SPEED    17   HIGHEST GUST DIRECTION    SW (210)
  AVERAGE WIND SPEED     5.1


SKY COVER
  AVERAGE SKY COVER 0.3


WEATHER CONDITIONS
THE FOLLOWING WEATHER WAS RECORDED TODAY.
  NO SIGNIFICANT WEATHER WAS OBSERVED.


RELATIVE HUMIDITY (PERCENT)
 HIGHEST    66           700 AM
 LOWEST     37           300 PM
 AVERAGE    52

..........................................................


THE QUINCY IL CLIMATE NORMALS FOR TOMORROW
                         NORMAL    RECORD    YEAR
 MAXIMUM TEMPERATURE (F)   70        91      1963
 MINIMUM TEMPERATURE (F)   48        24      1952


SUNRISE AND SUNSET
OCTOBER  5 2022.......SUNRISE   705 AM CDT   SUNSET   641 PM CDT
OCTOBER  6 2022.......SUNRISE   706 AM CDT   SUNSET   639 PM CDT


-  INDICATES NEGATIVE NUMBERS.
R  INDICATES RECORD WAS SET OR TIED.
MM INDICATES DATA IS MISSING.
T  INDICATES TRACE AMOUNT.




$$
