000
CDUS46 KEKA 020010
CLIUKI

CLIMATE REPORT
NATIONAL WEATHER SERVICE EUREKA CA
510 PM PDT SAT OCT 01 2022

...................................

...THE UKIAH CA CLIMATE SUMMARY FOR OCTOBER 1 2022...
VALID TODAY AS OF 0500 PM LOCAL TIME.

CLIMATE NORMAL PERIOD: 1991 TO 2020
CLIMATE RECORD PERIOD: 1903 TO 2022


WEATHER ITEM   OBSERVED RECORD YEAR NORMAL DEPARTURE LAST
                VALUE   VALUE       VALUE  FROM      YEAR
                                           NORMAL
............................................................
TEMPERATURE (F)
 TODAY
  MAXIMUM         83    105    1952  85     -2       94
                               1980
  MINIMUM         51     32    1902  48      3       50
  AVERAGE         67                 66      1       72

PRECIPITATION (IN)
  TODAY            0.00   1.09 1926   0.03  -0.03     0.00
  MONTH TO DATE    0.00               0.03  -0.03     0.00
  SINCE OCT 1      0.00               0.03  -0.03     0.00
  SINCE JAN 1      6.82              22.63 -15.81     9.38

SNOWFALL (IN)
  TODAY           MM     MM          MM     MM       MM
  MONTH TO DATE   MM                  0.0   MM       MM
  SINCE SEP 1     MM                 MM     MM        0.0
  SINCE JUL 1     MM                 MM     MM        0.0
  SNOW DEPTH      MM

............................................................


WIND (MPH)
  HIGHEST WIND SPEED    15   HIGHEST WIND DIRECTION     S (160)
  HIGHEST GUST SPEED    22   HIGHEST GUST DIRECTION     S (170)
  AVERAGE WIND SPEED     2.9


SKY COVER
  AVERAGE SKY COVER 0.0


WEATHER CONDITIONS
THE FOLLOWING WEATHER WAS RECORDED TODAY.
  NO SIGNIFICANT WEATHER WAS OBSERVED.


RELATIVE HUMIDITY (PERCENT)
 HIGHEST    86
 LOWEST     34
 AVERAGE    60

..........................................................


THE UKIAH CA CLIMATE NORMALS FOR TOMORROW
                         NORMAL    RECORD    YEAR
 MAXIMUM TEMPERATURE (F)   85       105      1980
 MINIMUM TEMPERATURE (F)   48        32      1916


SUNRISE AND SUNSET
OCTOBER  1 2022.......SUNRISE   7:09 AM PDT   SUNSET   6:55 PM PDT
OCTOBER  2 2022.......SUNRISE   7:10 AM PDT   SUNSET   6:54 PM PDT


-  INDICATES NEGATIVE NUMBERS.
R  INDICATES RECORD WAS SET OR TIED.
MM INDICATES DATA IS MISSING.
T  INDICATES TRACE AMOUNT.




$$
