000
CDUS43 KSGF 052217
CLIUNO

CLIMATE REPORT
NATIONAL WEATHER SERVICE
517 PM CDT WED OCT 05 2022

...................................

...THE WEST PLAINS MO CLIMATE SUMMARY FOR OCTOBER 5 2022...
VALID TODAY AS OF 0500 PM LOCAL TIME.

CLIMATE NORMAL PERIOD: 1991 TO 2020
CLIMATE RECORD PERIOD: 1947 TO 2022


WEATHER ITEM   OBSERVED TIME   RECORD YEAR NORMAL DEPARTURE LAST
                VALUE   (LST)  VALUE       VALUE  FROM      YEAR
                                                  NORMAL
...................................................................
TEMPERATURE (F)
 TODAY
  MAXIMUM         79   1:50 PM  91    1981  74      5       79
  MINIMUM         41   5:55 AM  32    1988  50     -9       57
                                      1999
  AVERAGE         60

PRECIPITATION (IN)
  TODAY            0.00          3.08 1949   0.14  -0.14      T
  MONTH TO DATE    0.00                      0.63  -0.63     1.30
  SINCE SEP 1      3.05                      3.72  -0.67     3.20
  SINCE JAN 1     33.57                     36.34  -2.77    34.11

DEGREE DAYS
 HEATING
  TODAY            5                         5               0
  MONTH TO DATE   20                        22               0
  SINCE SEP 1     47                        62               6
  SINCE JUL 1     47                        63               6

 COOLING
  TODAY            0                         2               3
  MONTH TO DATE    0                        10              29
  SINCE SEP 1    180                       173             284
  SINCE JAN 1   1648                      1345            1550
...................................................................


WIND (MPH)
  RESULTANT WIND SPEED   2   RESULTANT WIND DIRECTION  SE (150)
  HIGHEST WIND SPEED     8   HIGHEST WIND DIRECTION     S (200)
  HIGHEST GUST SPEED    15   HIGHEST GUST DIRECTION     S (160)
  AVERAGE WIND SPEED     2.0


SKY COVER
  AVERAGE SKY COVER 0.0


WEATHER CONDITIONS
THE FOLLOWING WEATHER WAS RECORDED TODAY.
  NO SIGNIFICANT WEATHER WAS OBSERVED.


RELATIVE HUMIDITY (PERCENT)
 HIGHEST    89
 LOWEST     30
 AVERAGE    60

..........................................................


THE WEST PLAINS MO CLIMATE NORMALS FOR TOMORROW
                         NORMAL    RECORD    YEAR
 MAXIMUM TEMPERATURE (F)   73        87      1956
                                             2018
 MINIMUM TEMPERATURE (F)   50        30      1985


SUNRISE AND SUNSET
OCTOBER  5 2022.......SUNRISE   7:06 AM CDT   SUNSET   6:45 PM CDT
OCTOBER  6 2022.......SUNRISE   7:07 AM CDT   SUNSET   6:44 PM CDT


-  INDICATES NEGATIVE NUMBERS.
R  INDICATES RECORD WAS SET OR TIED.
MM INDICATES DATA IS MISSING.
T  INDICATES TRACE AMOUNT.




$$
