000
CDUS43 KUNR 020836
CLIUNR

CLIMATE REPORT
NATIONAL WEATHER SERVICE RAPID CITY SD
236 AM MDT SUN OCT 02 2022

...................................

...THE EAST RAPID CITY SD CLIMATE SUMMARY FOR OCTOBER 1 2022...

CLIMATE NORMAL PERIOD 1991 TO 2020
CLIMATE RECORD PERIOD 1888 TO 2022


WEATHER ITEM   OBSERVED RECORD YEAR NORMAL DEPARTURE LAST
                VALUE   VALUE       VALUE  FROM      YEAR
                                           NORMAL
............................................................
TEMPERATURE (F)
 YESTERDAY
  MAXIMUM         65     96    1892  66     -1       71
  MINIMUM         55     28    1950  44     11       50
  AVERAGE         60                 55      5       61

PRECIPITATION (IN)
  YESTERDAY        T      1.47 1930   0.06  -0.06     0.00
  MONTH TO DATE    T                  0.06  -0.06     0.00
  SINCE SEP 1      0.69               1.46  -0.77     1.01
  SINCE JAN 1     15.11              17.74  -2.63    10.80

SNOWFALL (IN)
  YESTERDAY        0.0    2.8  1950   0.1   -0.1      0.0
  MONTH TO DATE    0.0                0.1   -0.1      0.0
  SINCE SEP 1      0.0                0.2   -0.2      0.0
  SINCE JUL 1      0.0                0.2   -0.2      0.0
  SNOW DEPTH       0

DEGREE DAYS
 HEATING
  YESTERDAY        5                 10     -5        4
  MONTH TO DATE    5                 10     -5        4
  SINCE SEP 1     67                167   -100       52
  SINCE JUL 1     67                195   -128       57

 COOLING
  YESTERDAY        0                  1     -1        0
  MONTH TO DATE    0                  1     -1        0
  SINCE SEP 1    159                 80     79      134
  SINCE JAN 1   1041                674    367     1109
............................................................


WIND (MPH)
  HIGHEST GUST SPEED    24   HIGHEST GUST DIRECTION     N (340)


WEATHER CONDITIONS
THE FOLLOWING WEATHER WAS RECORDED YESTERDAY.
  LIGHT RAIN

..........................................................


THE EAST RAPID CITY SD CLIMATE NORMALS FOR TODAY
                         NORMAL    RECORD    YEAR
 MAXIMUM TEMPERATURE (F)   65        94      2011
 MINIMUM TEMPERATURE (F)   44        24      1893


SUNRISE AND SUNSET
OCTOBER  2 2022.......SUNRISE   652 AM MDT   SUNSET   632 PM MDT
OCTOBER  3 2022.......SUNRISE   653 AM MDT   SUNSET   630 PM MDT


-  INDICATES NEGATIVE NUMBERS.
R  INDICATES RECORD WAS SET OR TIED.
MM INDICATES DATA IS MISSING.
T  INDICATES TRACE AMOUNT.




$$
