000
CDUS46 KSTO 160854
CLIVCB

CLIMATE REPORT
NATIONAL WEATHER SERVICE SACRAMENTO
154 AM PDT FRI SEP 16 2022

...................................

...THE VACAVILLE CLIMATE SUMMARY FOR SEPTEMBER 15 2022...

CLIMATE NORMAL PERIOD: 1991 TO 2020
CLIMATE RECORD PERIOD: 9999 TO 9999


WEATHER ITEM   OBSERVED RECORD YEAR NORMAL DEPARTURE LAST
                VALUE   VALUE       VALUE  FROM      YEAR
                                           NORMAL
............................................................
TEMPERATURE (F)
 YESTERDAY
  MAXIMUM         79     MM      MM  91    -12       90
  MINIMUM         52     MM      MM  56     -4       55
  AVERAGE         66

PRECIPITATION (IN)
  YESTERDAY        0.00  MM      MM   0.00   0.00     0.00
  MONTH TO DATE    0.00               0.01  -0.01     0.05
  SINCE OCT 1      4.57              24.79 -20.22     6.76
  SINCE JAN 1      2.32              16.32 -14.00     4.45

SNOWFALL (IN)
  YESTERDAY       MM     MM      MM  MM               0.0
  MONTH TO DATE    0.0                0.0             0.0
  SINCE SEP 1      0.0                0.0             0.0
  SINCE JUL 1      0.0               MM               0.0

DEGREE DAYS
 HEATING
  YESTERDAY        0

 COOLING
  YESTERDAY        1
............................................................


WIND (MPH)
  RESULTANT WIND SPEED   4   RESULTANT WIND DIRECTION  SW (210)
  HIGHEST WIND SPEED    16   HIGHEST WIND DIRECTION    SW (220)
  HIGHEST GUST SPEED    22   HIGHEST GUST DIRECTION    SW (230)


SKY COVER
  POSSIBLE SUNSHINE  MM
  AVERAGE SKY COVER 0.0


WEATHER CONDITIONS
THE FOLLOWING WEATHER WAS RECORDED YESTERDAY.
  NO SIGNIFICANT WEATHER WAS OBSERVED.


RELATIVE HUMIDITY (PERCENT)
 HIGHEST    83
 LOWEST     42
 AVERAGE    63

..........................................................


THE VACAVILLE CLIMATE NORMALS FOR TODAY
                         NORMAL    RECORD    YEAR
 MAXIMUM TEMPERATURE (F)   91        MM        MM
 MINIMUM TEMPERATURE (F)   56        MM        MM


SUNRISE AND SUNSET
SEPTEMBER 16 2022.....SUNRISE   2:35 PM PDT   SUNSET   2:59 AM PDT
SEPTEMBER 17 2022.....SUNRISE   2:36 PM PDT   SUNSET   2:58 AM PDT


-  INDICATES NEGATIVE NUMBERS.
R  INDICATES RECORD WAS SET OR TIED.
MM INDICATES DATA IS MISSING.
T  INDICATES TRACE AMOUNT.




$$
