000
CDUS44 KCRP 052141
CLIVCT

CLIMATE REPORT
NATIONAL WEATHER SERVICE CORPUS CHRISTI TX
441 PM CDT WED OCT 05 2022

...................................

...THE VICTORIA CLIMATE SUMMARY FOR OCTOBER 5 2022...
VALID AS OF 0400 PM LOCAL TIME.

CLIMATE NORMAL PERIOD 1991 TO 2020
CLIMATE RECORD PERIOD 1893 TO 2022


WEATHER ITEM   OBSERVED TIME   RECORD YEAR NORMAL DEPARTURE LAST
                VALUE   (LST)  VALUE       VALUE  FROM      YEAR
                                                  NORMAL
...................................................................
TEMPERATURE (F)
 TODAY
  MAXIMUM         91    259 PM 101    1925  87      4       91
  MINIMUM         56    623 AM  49    1975  65     -9       58
  AVERAGE         74                        76     -2       75

PRECIPITATION (IN)
  TODAY            0.00          2.04 2001   0.14  -0.14     0.00
  MONTH TO DATE    0.00                      0.68  -0.68     0.35
  SINCE SEP 1      1.01                      5.21  -4.20     3.21
  SINCE JAN 1     16.93                     31.85 -14.92    50.27

SNOWFALL (IN)
  TODAY            0.0           0.0  2001  MM     MM        0.0
                                      2002
  MONTH TO DATE    0.0                       0.0    0.0      0.0
  SINCE SEP 1      0.0                      MM     MM        0.0
  SINCE JUL 1      0.0                      MM     MM        0.0
  SNOW DEPTH       0

DEGREE DAYS
 HEATING
  TODAY            0                         0      0        0
  MONTH TO DATE    0                         0      0        0
  SINCE SEP 1      0                         0      0        0
  SINCE JUL 1      0                         0      0        0

 COOLING
  TODAY            9                        11     -2       10
  MONTH TO DATE   39                        58    -19       69
  SINCE SEP 1    533                       519     14      559
  SINCE JAN 1   3435                      2981    454     3017
...................................................................


WIND (MPH)
  HIGHEST WIND SPEED    14   HIGHEST WIND DIRECTION     E (70)
  HIGHEST GUST SPEED    21   HIGHEST GUST DIRECTION     E (80)


SKY COVER
  POSSIBLE SUNSHINE  MM
  AVERAGE SKY COVER 0.0


WEATHER CONDITIONS
THE FOLLOWING WEATHER WAS RECORDED TODAY.
  FOG


RELATIVE HUMIDITY (PERCENT)
 HIGHEST    97           200 AM
 LOWEST     32           100 PM
 AVERAGE    65

..........................................................


THE VICTORIA CLIMATE NORMALS FOR TOMORROW
                         NORMAL    RECORD    YEAR
 MAXIMUM TEMPERATURE (F)   87       101      1925
 MINIMUM TEMPERATURE (F)   64        44      1932


SUNRISE AND SUNSET
OCTOBER  5 2022.......SUNRISE   723 AM CDT   SUNSET   709 PM CDT
OCTOBER  6 2022.......SUNRISE   723 AM CDT   SUNSET   708 PM CDT


-  INDICATES NEGATIVE NUMBERS.
R  INDICATES RECORD WAS SET OR TIED.
MM INDICATES DATA IS MISSING.
T  INDICATES TRACE AMOUNT.




$$
