000
CDUS45 KVEF 060028
CLIVGT

CLIMATE REPORT
NATIONAL WEATHER SERVICE LAS VEGAS, NV
528 PM PDT WED OCT 05 2022

...................................

...THE NORTH_LAS_VEGAS NV CLIMATE SUMMARY FOR OCTOBER 5 2022...
VALID TODAY AS OF 0500 PM LOCAL TIME.

CLIMATE NORMAL PERIOD: 1991 TO 2020
CLIMATE RECORD PERIOD: 2000 TO 2022


WEATHER ITEM   OBSERVED TIME   RECORD YEAR NORMAL DEPARTURE LAST
                VALUE   (LST)  VALUE       VALUE  FROM      YEAR
                                                  NORMAL
...................................................................
TEMPERATURE (F)
 TODAY
  MAXIMUM         93        MM  98    2020  85      8       81
  MINIMUM         69        MM  51    2009  62      7       70
  AVERAGE         81                        74      7       76

PRECIPITATION (IN)
  TODAY            0.00          0.55 2015   0.01  -0.01      T
  MONTH TO DATE    0.00                      0.05  -0.05      T
  SINCE OCT 1      0.00                      0.05  -0.05      T
  SINCE JAN 1      1.17                      2.96  -1.79     0.57

DEGREE DAYS
 HEATING
  TODAY            0                         0      0        0
  MONTH TO DATE    0                         0      0        0
  SINCE SEP 1      0                         1     -1        0
  SINCE JUL 1      0                         1     -1        0

 COOLING
  TODAY           16                         9      7       11
  MONTH TO DATE   86                        50     36       61
  SINCE SEP 1    757                       567    190      703
  SINCE JAN 1   3939                      3283    656     4084
...................................................................


WIND (MPH)
  RESULTANT WIND SPEED   1   RESULTANT WIND DIRECTION  SE (120)
  HIGHEST WIND SPEED     7   HIGHEST WIND DIRECTION    SE (150)
  HIGHEST GUST SPEED    MM   HIGHEST GUST DIRECTION    MM
  AVERAGE WIND SPEED     3.5


SKY COVER
  AVERAGE SKY COVER 0.0


WEATHER CONDITIONS
THE FOLLOWING WEATHER WAS RECORDED TODAY.
  NO SIGNIFICANT WEATHER WAS OBSERVED.


RELATIVE HUMIDITY (PERCENT)
 HIGHEST    39           3:00 AM
 LOWEST     13           3:00 PM
 AVERAGE    26

..........................................................


THE NORTH_LAS_VEGAS NV CLIMATE NORMALS FOR TOMORROW
                         NORMAL    RECORD    YEAR
 MAXIMUM TEMPERATURE (F)   85        98      2020
 MINIMUM TEMPERATURE (F)   62        50      2011


SUNRISE AND SUNSET
OCTOBER  5 2022.......SUNRISE   6:39 AM PDT   SUNSET   6:18 PM PDT
OCTOBER  6 2022.......SUNRISE   6:40 AM PDT   SUNSET   6:17 PM PDT


-  INDICATES NEGATIVE NUMBERS.
R  INDICATES RECORD WAS SET OR TIED.
MM INDICATES DATA IS MISSING.
T  INDICATES TRACE AMOUNT.




$$
