000
CDUS43 KSGF 260631
CLIVIH

CLIMATE REPORT
NATIONAL WEATHER SERVICE
131 AM CDT MON SEP 26 2022

...................................

...THE VICHY-ROLLA MO CLIMATE SUMMARY FOR SEPTEMBER 25 2022...

CLIMATE NORMAL PERIOD: 1991 TO 2020
CLIMATE RECORD PERIOD: 1888 TO 2022


WEATHER ITEM   OBSERVED TIME   RECORD YEAR NORMAL DEPARTURE LAST
                VALUE   (LST)  VALUE       VALUE  FROM      YEAR
                                                  NORMAL
...................................................................
TEMPERATURE (F)
 YESTERDAY
  MAXIMUM         78   2:49 PM  91    2017  76      2       74
  MINIMUM         53  10:58 PM  36    2001  54     -1       48
  AVERAGE         66

PRECIPITATION (IN)
  YESTERDAY        0.00          1.10 1970   0.13  -0.13     0.00
  MONTH TO DATE    2.19                      3.23  -1.04     2.32
  SINCE SEP 1      2.19                      3.23  -1.04     2.32
  SINCE JAN 1     33.02                     33.52  -0.50    28.99

DEGREE DAYS
 HEATING
  YESTERDAY        0                         3               4
  MONTH TO DATE    9                        34              16
  SINCE SEP 1      9                        34              16
  SINCE JUL 1      9                        36              16

 COOLING
  YESTERDAY        1                         3               0
  MONTH TO DATE  167                       139             167
  SINCE SEP 1    167                       139             167
  SINCE JAN 1   1478                      1256            1313
...................................................................


WIND (MPH)
  RESULTANT WIND SPEED   9   RESULTANT WIND DIRECTION  NW (300)
  HIGHEST WIND SPEED    21   HIGHEST WIND DIRECTION    NW (310)
  HIGHEST GUST SPEED    30   HIGHEST GUST DIRECTION    NW (310)
  AVERAGE WIND SPEED     9.7


SKY COVER
  AVERAGE SKY COVER 0.0


WEATHER CONDITIONS
THE FOLLOWING WEATHER WAS RECORDED YESTERDAY.
  NO SIGNIFICANT WEATHER WAS OBSERVED.


RELATIVE HUMIDITY (PERCENT)
 HIGHEST    90
 LOWEST     31
 AVERAGE    61

..........................................................


THE VICHY-ROLLA MO CLIMATE NORMALS FOR TODAY
                         NORMAL    RECORD    YEAR
 MAXIMUM TEMPERATURE (F)   75        92      1897
 MINIMUM TEMPERATURE (F)   54        36      2000


SUNRISE AND SUNSET
SEPTEMBER 26 2022.....SUNRISE   6:58 AM CDT   SUNSET   6:58 PM CDT
SEPTEMBER 27 2022.....SUNRISE   6:59 AM CDT   SUNSET   6:56 PM CDT


-  INDICATES NEGATIVE NUMBERS.
R  INDICATES RECORD WAS SET OR TIED.
MM INDICATES DATA IS MISSING.
T  INDICATES TRACE AMOUNT.




$$
