000
CDUS42 KTAE 010630
CLIVLD

CLIMATE REPORT
NATIONAL WEATHER SERVICE TALLAHASSEE FL
230 AM EDT SAT OCT 01 2022

...................................

...THE VALDOSTA CLIMATE SUMMARY FOR SEPTEMBER 30 2022...

CLIMATE NORMAL PERIOD 1991 TO 2020
CLIMATE RECORD PERIOD 1948 TO 2022


WEATHER ITEM   OBSERVED TIME   NORMAL DEPARTURE LAST
                VALUE   (LST)  VALUE  FROM      YEAR
                                      NORMAL
.......................................................
TEMPERATURE (F)
 YESTERDAY
  MAXIMUM         81    255 PM  85     -4       88
  MINIMUM         60   1159 PM  63     -3       64
  AVERAGE         71            74     -3       76

PRECIPITATION (IN)
  YESTERDAY        0.00          0.11  -0.11     0.00
  MONTH TO DATE    2.10          4.22  -2.12     4.16
  SINCE SEP 1      2.10          4.22  -2.12     4.16
  SINCE JAN 1     41.25         39.11   2.14    46.62

SNOWFALL (IN)
  YESTERDAY        0.0

DEGREE DAYS
 HEATING
  YESTERDAY        0                    0
  MONTH TO DATE    0                    0
  SINCE SEP 1      0                    0
  SINCE JUL 1      0                    0

 COOLING
  YESTERDAY        6                   -3
  MONTH TO DATE  410                   45
  SINCE SEP 1    410                   45
  SINCE JAN 1   2663                  456
.......................................................


WIND (MPH)
  HIGHEST WIND SPEED    22   HIGHEST WIND DIRECTION     N (10)
  HIGHEST GUST SPEED    28   HIGHEST GUST DIRECTION     N (10)
  AVERAGE WIND SPEED     8.8

..........................................................


THE VALDOSTA CLIMATE NORMALS FOR TODAY
                         NORMAL




SUNRISE AND SUNSET
OCTOBER  1 2022.......SUNRISE   727 AM EDT   SUNSET   718 PM EDT
OCTOBER  2 2022.......SUNRISE   727 AM EDT   SUNSET   717 PM EDT


-  INDICATES NEGATIVE NUMBERS.
R  INDICATES RECORD WAS SET OR TIED.
MM INDICATES DATA IS MISSING.
T  INDICATES TRACE AMOUNT.




$$
