000
CDUS42 KFFC 060817
CLIVPC

CLIMATE REPORT
NATIONAL WEATHER SERVICE PEACHTREE CITY GA
417 AM EDT THU OCT 06 2022

...................................

...THE CARTERSVILLE CLIMATE SUMMARY FOR OCTOBER 5 2022...

CLIMATE NORMAL PERIOD: 1991 TO 2020
CLIMATE RECORD PERIOD: 9999 TO 9999


WEATHER ITEM   OBSERVED TIME   RECORD YEAR NORMAL DEPARTURE LAST
                VALUE   (LST)  VALUE       VALUE  FROM      YEAR
                                                  NORMAL
...................................................................
TEMPERATURE (F)
 YESTERDAY
  MAXIMUM         77   3:00 PM  MM      MM  78     -1       72
  MINIMUM         46   7:00 AM  MM      MM  54     -8       66
  AVERAGE         62                        66     -4       69

PRECIPITATION (IN)
  YESTERDAY        0.00         MM      MM   0.11  -0.11     0.13
  MONTH TO DATE    0.00                      0.56  -0.56     0.13
  SINCE SEP 1      2.15                      4.19  -2.04     3.35
  SINCE JAN 1     41.01                     36.82   4.19    44.36

SNOWFALL (IN)
  YESTERDAY       MM            MM      MM  MM     MM       MM
  MONTH TO DATE   MM                         0.0   MM       MM
  SINCE SEP 1      0.0                      MM     MM        0.0
  SINCE JUL 1      0.0                      MM     MM        0.0
  SNOW DEPTH      MM

DEGREE DAYS
 HEATING
  YESTERDAY        3                         2      1        0
  MONTH TO DATE   10                        10      0        0
  SINCE SEP 1     29                        22      7        8
  SINCE JUL 1     29                        22      7        8

 COOLING
  YESTERDAY        0                         3     -3        4
  MONTH TO DATE    0                        18    -18       24
  SINCE SEP 1    237                       254    -17      247
  SINCE JAN 1   1884                      1591    293     1605
...................................................................


WIND (MPH)
  RESULTANT WIND SPEED   0   RESULTANT WIND DIRECTION  NW (310)
  HIGHEST WIND SPEED    10   HIGHEST WIND DIRECTION     W (280)
  HIGHEST GUST SPEED    18   HIGHEST GUST DIRECTION     E (99)
  AVERAGE WIND SPEED     2.0


SKY COVER
  AVERAGE SKY COVER 0.0


WEATHER CONDITIONS
THE FOLLOWING WEATHER WAS RECORDED YESTERDAY.
  NO SIGNIFICANT WEATHER WAS OBSERVED.


RELATIVE HUMIDITY (PERCENT)
 HIGHEST    MM
 LOWEST     MM
 AVERAGE    MM

..........................................................


THE CARTERSVILLE CLIMATE NORMALS FOR TODAY
                         NORMAL    RECORD    YEAR
 MAXIMUM TEMPERATURE (F)   78        MM        MM
 MINIMUM TEMPERATURE (F)   53        MM        MM


SUNRISE AND SUNSET
OCTOBER  6 2022.......SUNRISE   7:38 AM EDT   SUNSET   7:17 PM EDT
OCTOBER  7 2022.......SUNRISE   7:38 AM EDT   SUNSET   7:15 PM EDT


-  INDICATES NEGATIVE NUMBERS.
R  INDICATES RECORD WAS SET OR TIED.
MM INDICATES DATA IS MISSING.
T  INDICATES TRACE AMOUNT.




$$
