000
CDUS43 KLOT 290657
CLIVPZ

CLIMATE REPORT
NATIONAL WEATHER SERVICE CHICAGO IL
157 AM CDT THU SEP 29 2022

...................................

...THE VALPARAISO IN CLIMATE SUMMARY FOR SEPTEMBER 28 2022...

CLIMATE NORMAL PERIOD: 1991 TO 2020
CLIMATE RECORD PERIOD: 1998 TO 2022


WEATHER ITEM   OBSERVED TIME   RECORD YEAR NORMAL DEPARTURE LAST
                VALUE   (LST)  VALUE       VALUE  FROM      YEAR
                                                  NORMAL
...................................................................
TEMPERATURE (F)
 YESTERDAY
  MAXIMUM         62   2:14 PM  84    2013  73    -11       79
  MINIMUM         41  11:55 PM  39    2000  50     -9       55
  AVERAGE         52                        62    -10       67

PRECIPITATION (IN)
  YESTERDAY        0.17          0.78 1999   0.08   0.09     0.00
  MONTH TO DATE    1.06                      2.33  -1.27     1.03
  SINCE SEP 1      1.06                      2.33  -1.27     1.03
  SINCE JAN 1     17.71                     25.69  -7.98    22.95

DEGREE DAYS
 HEATING
  YESTERDAY       13                         5      8        0
  MONTH TO DATE   73                        65      8       20
  SINCE SEP 1     73                        65      8       20
  SINCE JUL 1     73                        72      1       22

 COOLING
  YESTERDAY        0                         2     -2        2
  MONTH TO DATE   93                       107    -14      141
  SINCE SEP 1     93                       107    -14      141
  SINCE JAN 1    897                       951    -54     1003
...................................................................


WIND (MPH)
  HIGHEST WIND SPEED    14   HIGHEST WIND DIRECTION     N (360)
  HIGHEST GUST SPEED    23   HIGHEST GUST DIRECTION     N (360)
  AVERAGE WIND SPEED     4.1


WEATHER CONDITIONS
THE FOLLOWING WEATHER WAS RECORDED YESTERDAY.
  RAIN
  LIGHT RAIN
  FOG


RELATIVE HUMIDITY (PERCENT)
 HIGHEST    96           1:00 AM
 LOWEST     55           2:00 PM
 AVERAGE    76

..........................................................


THE VALPARAISO IN CLIMATE NORMALS FOR TODAY
                         NORMAL    RECORD    YEAR
 MAXIMUM TEMPERATURE (F)   73        83      2002
                                             2021
 MINIMUM TEMPERATURE (F)   50        37      2006


SUNRISE AND SUNSET
SEPTEMBER 29 2022.....SUNRISE   6:43 AM CDT   SUNSET   6:33 PM CDT
SEPTEMBER 30 2022.....SUNRISE   6:44 AM CDT   SUNSET   6:31 PM CDT


-  INDICATES NEGATIVE NUMBERS.
R  INDICATES RECORD WAS SET OR TIED.
MM INDICATES DATA IS MISSING.
T  INDICATES TRACE AMOUNT.




$$
