000
CDUS42 KMLB 052018
CLIVRB

CLIMATE REPORT
NATIONAL WEATHER SERVICE MELBOURNE FL
418 PM EDT WED OCT 05 2022

...................................

...THE VERO BEACH CLIMATE SUMMARY FOR OCTOBER 5 2022...
VALID TODAY AS OF 0400 PM LOCAL TIME.

CLIMATE NORMAL PERIOD 1991 TO 2020
CLIMATE RECORD PERIOD 1942 TO 2022


WEATHER ITEM   OBSERVED TIME   RECORD YEAR NORMAL DEPARTURE LAST
                VALUE   (LST)  VALUE       VALUE  FROM      YEAR
                                                  NORMAL
...................................................................
TEMPERATURE (F)
 TODAY
  MAXIMUM         83    147 PM  93    1986  87     -4       90
                                      2009
  MINIMUM         72    725 AM  60    1987  72      0       69
                                      2014
  AVERAGE         78                        79     -1       80

PRECIPITATION (IN)
  TODAY            0.00          1.50 1991   0.22  -0.22     0.00
  MONTH TO DATE    0.00                      1.13  -1.13      T
  SINCE SEP 1     11.53                      8.17   3.36     5.06
  SINCE JAN 1     34.91                     43.60  -8.69    33.22

SNOWFALL (IN)
  TODAY            0.0
  MONTH TO DATE    0.0
  SINCE JUL 1      0.0

DEGREE DAYS
 HEATING
  TODAY            0                         0      0        0
  MONTH TO DATE    0                         0      0        0
  SINCE SEP 1      0                         0      0        0
  SINCE JUL 1      0                         0      0        0

 COOLING
  TODAY           13                        14     -1       15
  MONTH TO DATE   54                        71    -17       82
  SINCE SEP 1    535                       548    -13      595
  SINCE JAN 1   3211                      2955    256     3209
...................................................................


WIND (MPH)
  HIGHEST WIND SPEED    16   HIGHEST WIND DIRECTION    NE (40)
  HIGHEST GUST SPEED    20   HIGHEST GUST DIRECTION    NE (50)
  AVERAGE WIND SPEED     8.0


SKY COVER
  AVERAGE SKY COVER 0.7


WEATHER CONDITIONS
THE FOLLOWING WEATHER WAS RECORDED TODAY.
  NO SIGNIFICANT WEATHER WAS OBSERVED.


RELATIVE HUMIDITY (PERCENT)
 HIGHEST    82           500 AM
 LOWEST     58           300 PM
 AVERAGE    70

..........................................................


THE VERO BEACH CLIMATE NORMALS FOR TOMORROW
                         NORMAL    RECORD    YEAR
 MAXIMUM TEMPERATURE (F)   87        93      2001
 MINIMUM TEMPERATURE (F)   72        60      1980
                                             2014


SUNRISE AND SUNSET
OCTOBER  5 2022.......SUNRISE   716 AM EDT   SUNSET   703 PM EDT
OCTOBER  6 2022.......SUNRISE   717 AM EDT   SUNSET   702 PM EDT


-  INDICATES NEGATIVE NUMBERS.
R  INDICATES RECORD WAS SET OR TIED.
MM INDICATES DATA IS MISSING.
T  INDICATES TRACE AMOUNT.




$$
