000
CDUS41 KBTV 260526
CLIVSF

CLIMATE REPORT
NATIONAL WEATHER SERVICE BURLINGTON VT
126 AM EDT MON SEP 26 2022

...................................

...THE SPRINGFIELD VT CLIMATE SUMMARY FOR SEPTEMBER 25 2022...

CLIMATE NORMAL PERIOD: 1991 TO 2020
CLIMATE RECORD PERIOD: 9999 TO 9999


WEATHER ITEM   OBSERVED TIME   NORMAL DEPARTURE LAST
                VALUE   (LST)  VALUE  FROM      YEAR
                                      NORMAL
.......................................................
TEMPERATURE (F)
 YESTERDAY
  MAXIMUM         60   2:00 PM  68     -8       72
  MINIMUM         41   4:04 AM  44     -3       48
  AVERAGE         51            56     -5       60

PRECIPITATION (IN)
  YESTERDAY        0.01          0.14  -0.13     0.00
  MONTH TO DATE    5.07          2.95   2.12     4.19
  SINCE SEP 1      5.07          2.95   2.12     4.19
  SINCE JAN 1     32.63         29.00   3.63    31.76

DEGREE DAYS
 HEATING
  YESTERDAY       14             9      5        5
  MONTH TO DATE  105           136    -31       67
  SINCE SEP 1    105           136    -31       67
  SINCE JUL 1    115           187    -72      102

 COOLING
  YESTERDAY        0             0      0        0
  MONTH TO DATE   28            31     -3       23
  SINCE SEP 1     28            31     -3       23
  SINCE JAN 1    553           375    178      526
.......................................................


WIND (MPH)
  HIGHEST WIND SPEED     8   HIGHEST WIND DIRECTION     S (190)
  HIGHEST GUST SPEED    13   HIGHEST GUST DIRECTION     S (190)
  AVERAGE WIND SPEED     1.2


SKY COVER
  AVERAGE SKY COVER 0.8


WEATHER CONDITIONS
THE FOLLOWING WEATHER WAS RECORDED YESTERDAY.
  LIGHT RAIN
  FOG
  FOG W/VISIBILITY <= 1/4 MILE


RELATIVE HUMIDITY (PERCENT)
 HIGHEST   100           2:00 AM
 LOWEST     69          12:00 PM
 AVERAGE    85

..........................................................


THE SPRINGFIELD VT CLIMATE NORMALS FOR TODAY
                         NORMAL    RECORD    YEAR
 MAXIMUM TEMPERATURE (F)   67        88      2017
 MINIMUM TEMPERATURE (F)   44        30      2016


SUNRISE AND SUNSET
SEPTEMBER 26 2022.....SUNRISE   6:42 AM EDT   SUNSET   6:40 PM EDT
SEPTEMBER 27 2022.....SUNRISE   6:43 AM EDT   SUNSET   6:38 PM EDT


-  INDICATES NEGATIVE NUMBERS.
R  INDICATES RECORD WAS SET OR TIED.
MM INDICATES DATA IS MISSING.
T  INDICATES TRACE AMOUNT.




$$
