000
CDUS43 KLBF 290634
CLIVTN

CLIMATE REPORT
NATIONAL WEATHER SERVICE NORTH PLATTE NE
134 AM CDT THU SEP 29 2022

...................................

...THE VALENTINE CLIMATE SUMMARY FOR SEPTEMBER 28 2022...

CLIMATE NORMAL PERIOD 1991 TO 2020
CLIMATE RECORD PERIOD 1885 TO 2022


WEATHER ITEM   OBSERVED TIME   RECORD YEAR NORMAL DEPARTURE LAST
                VALUE   (LST)  VALUE       VALUE  FROM      YEAR
                                                  NORMAL
...................................................................
TEMPERATURE (F)
 YESTERDAY
  MAXIMUM         80    347 PM  95    2021  74      6       95
  MINIMUM         44    630 AM  23    1984  43      1       55
  AVERAGE         62                        58      4       75

PRECIPITATION (IN)
  YESTERDAY        0.00          2.45 1973   0.07  -0.07     0.00
  MONTH TO DATE    0.80                      1.59  -0.79     3.50
  SINCE SEP 1      0.80                      1.59  -0.79     3.50
  SINCE JAN 1     10.46                     18.35  -7.89    20.38

SNOWFALL (IN)
  YESTERDAY        0.0          18.4  1985   0.0    0.0      0.0
  MONTH TO DATE    0.0                       0.0    0.0      0.0
  SINCE SEP 1      0.0                       0.0    0.0      0.0
  SINCE JUL 1      0.0                       0.0    0.0      0.0
  SNOW DEPTH       0

DEGREE DAYS
 HEATING
  YESTERDAY        3                         8     -5        0
  MONTH TO DATE   72                       111    -39       26
  SINCE SEP 1     72                       111    -39       26
  SINCE JUL 1     72                       130    -58       26

 COOLING
  YESTERDAY        0                         1     -1       10
  MONTH TO DATE  135                        98     37      140
  SINCE SEP 1    135                        98     37      140
  SINCE JAN 1   1118                       917    201     1275
...................................................................


WIND (MPH)
  HIGHEST WIND SPEED    26   HIGHEST WIND DIRECTION     S (170)
  HIGHEST GUST SPEED    36   HIGHEST GUST DIRECTION     S (180)
  AVERAGE WIND SPEED    14.3


SKY COVER
  POSSIBLE SUNSHINE  MM
  AVERAGE SKY COVER 0.0


WEATHER CONDITIONS
THE FOLLOWING WEATHER WAS RECORDED YESTERDAY.
  NO SIGNIFICANT WEATHER WAS OBSERVED.


RELATIVE HUMIDITY (PERCENT)
 HIGHEST    76           700 AM
 LOWEST     27           300 PM
 AVERAGE    52

..........................................................


THE VALENTINE CLIMATE NORMALS FOR TODAY
                         NORMAL    RECORD    YEAR
 MAXIMUM TEMPERATURE (F)   73        95      1991
 MINIMUM TEMPERATURE (F)   42        17      1984


SUNRISE AND SUNSET
SEPTEMBER 29 2022.....SUNRISE   737 AM CDT   SUNSET   727 PM CDT
SEPTEMBER 30 2022.....SUNRISE   738 AM CDT   SUNSET   725 PM CDT


-  INDICATES NEGATIVE NUMBERS.
R  INDICATES RECORD WAS SET OR TIED.
MM INDICATES DATA IS MISSING.
T  INDICATES TRACE AMOUNT.




$$
