000
CDUS41 KAKQ 060533
CLIWAL

CLIMATE REPORT
NATIONAL WEATHER SERVICE WAKEFIELD VA
133 AM EDT THU OCT 06 2022

...................................

...THE WALLOPS ISLAND VA CLIMATE SUMMARY FOR OCTOBER 5 2022...

CLIMATE NORMAL PERIOD: 1991 TO 2020
CLIMATE RECORD PERIOD: 1963 TO 2022


WEATHER ITEM   OBSERVED TIME   RECORD YEAR NORMAL DEPARTURE
                VALUE   (LST)  VALUE       VALUE  FROM
                                                  NORMAL
................................................................
TEMPERATURE (F)
 YESTERDAY
  MAXIMUM         67   2:46 PM  90    2002  73     -6
                                      2013
  MINIMUM         52  12:38 AM  38    1974  56     -4
  AVERAGE         60                        64     -4

PRECIPITATION (IN)
  YESTERDAY        0.07          0.47        0.13  -0.06
  MONTH TO DATE    1.10                      0.65   0.45
  SINCE SEP 1      2.84                      4.98  -2.14
  SINCE JAN 1     28.20                     33.25  -5.05

SNOWFALL (IN)
  YESTERDAY        0.0           0.0    MM   0.0    0.0
  MONTH TO DATE    0.0                       0.0    0.0
  SINCE SEP 1      0.0                       0.0    0.0
  SINCE JUL 1      0.0                       0.0    0.0

DEGREE DAYS
 HEATING
  YESTERDAY        5                                2
  MONTH TO DATE   35                               21
  SINCE SEP 1     48                               15
  SINCE JUL 1     48                               15

 COOLING
  YESTERDAY        0                               -3
  MONTH TO DATE    5                              -10
  SINCE SEP 1    227                               18
  SINCE JAN 1   1488                              159
................................................................


WIND (MPH)
  HIGHEST WIND SPEED    20   HIGHEST WIND DIRECTION    NW (330)
  HIGHEST GUST SPEED    26   HIGHEST GUST DIRECTION    NW (330)
  AVERAGE WIND SPEED    10.6


RELATIVE HUMIDITY (PERCENT)
 HIGHEST    97
 LOWEST     75
 AVERAGE    86

..........................................................


THE WALLOPS ISLAND VA CLIMATE NORMALS FOR TODAY
                         NORMAL    RECORD    YEAR
 MAXIMUM TEMPERATURE (F)   73        89      1997
 MINIMUM TEMPERATURE (F)   56        41      1999


SUNRISE AND SUNSET
OCTOBER  6 2022.......SUNRISE   7:02 AM EDT   SUNSET   6:37 PM EDT
OCTOBER  7 2022.......SUNRISE   7:03 AM EDT   SUNSET   6:36 PM EDT


-  INDICATES NEGATIVE NUMBERS.
R  INDICATES RECORD WAS SET OR TIED.
MM INDICATES DATA IS MISSING.
T  INDICATES TRACE AMOUNT.




$$
