000
CDUS46 KLOX 260845
CLIWJF

CLIMATE REPORT
NATIONAL WEATHER SERVICE LOS ANGELES/OXNARD
145 AM PDT MON SEP 26 2022

...................................

...THE LANCASTER FOX FIELD CA CLIMATE SUMMARY FOR SEPTEMBER 25 2022...

CLIMATE NORMAL PERIOD: 1991 TO 2020
CLIMATE RECORD PERIOD: 1945 TO 2022


WEATHER ITEM   OBSERVED TIME   RECORD YEAR NORMAL DEPARTURE
                VALUE   (LST)  VALUE       VALUE  FROM
                                                  NORMAL
................................................................
TEMPERATURE (F)
 YESTERDAY
  MAXIMUM         99   3:56 PM 101    1947  88     11
                                      1960
  MINIMUM         63   5:48 AM  35    1958  54      9
  AVERAGE         81                        71     10

PRECIPITATION (IN)
  YESTERDAY        0.00          0.87 1997   0.01  -0.01
  MONTH TO DATE    0.44                      0.10   0.34
  SINCE JUL 1      0.44                      0.25   0.19
  SINCE OCT 1      4.54                      6.79  -2.25
  SINCE JAN 1      1.65                      4.97  -3.32

SNOWFALL (IN)
  YESTERDAY       MM             0.0    MM
  MONTH TO DATE   MM
  SINCE SEP 1     MM
  SINCE JUL 1     MM
  SNOW DEPTH      MM

DEGREE DAYS
 HEATING
  YESTERDAY        0                               -1
  MONTH TO DATE    0                               -2
  SINCE SEP 1      0                               -2
  SINCE JUL 1      0                               -2

 COOLING
  YESTERDAY       16                               10
  MONTH TO DATE  366                              111
  SINCE SEP 1    366                              111
  SINCE JAN 1   2347                              526
................................................................


WIND (MPH)
  HIGHEST WIND SPEED    18   HIGHEST WIND DIRECTION    SW (230)
  HIGHEST GUST SPEED    24   HIGHEST GUST DIRECTION    SW (220)
  AVERAGE WIND SPEED     5.1


RELATIVE HUMIDITY (PERCENT)
 HIGHEST    56
 LOWEST     20
 AVERAGE    38

..........................................................


THE LANCASTER FOX FIELD CA CLIMATE NORMALS FOR TODAY
                         NORMAL    RECORD    YEAR
 MAXIMUM TEMPERATURE (F)   88       102      1947
 MINIMUM TEMPERATURE (F)   53        27      1948


SUNRISE AND SUNSET
SEPTEMBER 26 2022.....SUNRISE   6:44 AM PDT   SUNSET   6:44 PM PDT
SEPTEMBER 27 2022.....SUNRISE   6:45 AM PDT   SUNSET   6:42 PM PDT


-  INDICATES NEGATIVE NUMBERS.
R  INDICATES RECORD WAS SET OR TIED.
MM INDICATES DATA IS MISSING.
T  INDICATES TRACE AMOUNT.




$$
