000
CDUS45 KLKN 060945
CLIWMC

CLIMATE REPORT
NATIONAL WEATHER SERVICE ELKO, NV
245 AM PDT THU OCT 06 2022

...................................

...THE WINNEMUCCA AIRPORT NV CLIMATE SUMMARY FOR OCTOBER 5 2022...

CLIMATE NORMAL PERIOD 1991 TO 2020
CLIMATE RECORD PERIOD 1877 TO 2022


WEATHER ITEM   OBSERVED TIME   RECORD YEAR NORMAL DEPARTURE LAST
                VALUE   (LST)  VALUE       VALUE  FROM      YEAR
                                                  NORMAL
...................................................................
TEMPERATURE (F)
 YESTERDAY
  MAXIMUM         83    331 PM  90    1980  74      9       82
  MINIMUM         32    612 AM  15    1969  34     -2       37
                                      1974
  AVERAGE         58                        54      4       60

PRECIPITATION (IN)
  YESTERDAY        0.00          0.36 2011   0.02  -0.02     0.00
  MONTH TO DATE    0.00                      0.08  -0.08     0.00
  SINCE OCT 1      0.00                      0.08  -0.08     0.00
  SINCE JAN 1      3.61                      5.92  -2.31     5.09

SNOWFALL (IN)
  YESTERDAY        0.0           0.1  1913   0.0    0.0      0.0
  MONTH TO DATE    0.0                       0.0    0.0      0.0
  SINCE SEP 1      0.0                       0.0    0.0      0.0
  SINCE JUL 1      0.0                       0.0    0.0      0.0
  SNOW DEPTH       0

DEGREE DAYS
 HEATING
  YESTERDAY        7                        11     -4        5
  MONTH TO DATE   39                        51    -12       45
  SINCE SEP 1    132                       185    -53      153
  SINCE JUL 1    132                       204    -72      160

 COOLING
  YESTERDAY        0                         0      0        0
  MONTH TO DATE    0                         0      0        0
  SINCE SEP 1    136                        48     88       43
  SINCE JAN 1    999                       682    317     1055
...................................................................


WIND (MPH)
  HIGHEST WIND SPEED    14   HIGHEST WIND DIRECTION    NE (30)
  HIGHEST GUST SPEED    18   HIGHEST GUST DIRECTION    NE (30)
  AVERAGE WIND SPEED     4.9


WEATHER CONDITIONS
THE FOLLOWING WEATHER WAS RECORDED YESTERDAY.
  HAZE


RELATIVE HUMIDITY (PERCENT)
 HIGHEST    61           600 AM
 LOWEST     11           400 PM
 AVERAGE    36

..........................................................


THE WINNEMUCCA AIRPORT NV CLIMATE NORMALS FOR TODAY
                         NORMAL    RECORD    YEAR
 MAXIMUM TEMPERATURE (F)   74        91      1980
 MINIMUM TEMPERATURE (F)   33        17      1941
                                             1969


SUNRISE AND SUNSET
OCTOBER  6 2022.......SUNRISE   653 AM PDT   SUNSET   625 PM PDT
OCTOBER  7 2022.......SUNRISE   654 AM PDT   SUNSET   623 PM PDT


-  INDICATES NEGATIVE NUMBERS.
R  INDICATES RECORD WAS SET OR TIED.
MM INDICATES DATA IS MISSING.
T  INDICATES TRACE AMOUNT.




$$
