000
CDUS45 KRIW 020739
CLIWRL

CLIMATE REPORT
NATIONAL WEATHER SERVICE RIVERTON WY
139 AM MDT SUN OCT 02 2022

...................................

...THE WORLAND WY CLIMATE SUMMARY FOR OCTOBER 1 2022...

CLIMATE NORMAL PERIOD: 1991 TO 2020
CLIMATE RECORD PERIOD: 1947 TO 2022


WEATHER ITEM   OBSERVED TIME   RECORD YEAR NORMAL DEPARTURE LAST
                VALUE   (LST)  VALUE       VALUE  FROM      YEAR
                                                  NORMAL
...................................................................
TEMPERATURE (F)
 YESTERDAY
  MAXIMUM         56   1:17 PM  91    2011  68    -12       70
  MINIMUM         44  10:27 PM  24    1985  37      7       26
  AVERAGE         50                        52     -2

PRECIPITATION (IN)
  YESTERDAY        0.27          1.12 1989   0.04   0.23     0.00
  MONTH TO DATE    0.27                      0.04   0.23     0.00
  SINCE SEP 1      1.21                      0.97   0.24     0.10
  SINCE JAN 1      5.50                      6.45  -0.95     4.26

DEGREE DAYS
 HEATING
  YESTERDAY       15                        13      2       17
  MONTH TO DATE   15                        13      2       17
  SINCE SEP 1    141                       215    -74      153
  SINCE JUL 1    146                       253   -107      180

 COOLING
  YESTERDAY        0                         0      0        0
  MONTH TO DATE    0                         0      0        0
  SINCE SEP 1     86                        31     55       37
  SINCE JAN 1    701                       528    173      787
...................................................................


WIND (MPH)
  HIGHEST WIND SPEED    10   HIGHEST WIND DIRECTION    SE (150)
  HIGHEST GUST SPEED    15   HIGHEST GUST DIRECTION     E (110)
  AVERAGE WIND SPEED     3.5


SKY COVER
  POSSIBLE SUNSHINE  MM
  AVERAGE SKY COVER 0.8


WEATHER CONDITIONS
THE FOLLOWING WEATHER WAS RECORDED YESTERDAY.
  RAIN
  LIGHT RAIN
  FOG
  FOG W/VISIBILITY <= 1/4 MILE


RELATIVE HUMIDITY (PERCENT)
 HIGHEST    97          11:00 PM
 LOWEST     69          12:00 PM
 AVERAGE    83

..........................................................


THE WORLAND WY CLIMATE NORMALS FOR TODAY
                         NORMAL    RECORD    YEAR
 MAXIMUM TEMPERATURE (F)   68        88      1992
 MINIMUM TEMPERATURE (F)   36        26      1964


SUNRISE AND SUNSET
OCTOBER  2 2022.......SUNRISE   7:11 AM MDT   SUNSET   6:51 PM MDT
OCTOBER  3 2022.......SUNRISE   7:12 AM MDT   SUNSET   6:49 PM MDT


-  INDICATES NEGATIVE NUMBERS.
R  INDICATES RECORD WAS SET OR TIED.
MM INDICATES DATA IS MISSING.
T  INDICATES TRACE AMOUNT.




$$
