000
CDAK47 PAJK 021250
CLIYAK
NATIONAL WEATHER SERVICE JUNEAU AK
351 AM AKDT SUN OCT 02 2022

...................................

...THE YAKUTAT CLIMATE SUMMARY FOR OCTOBER 1 2022...

CLIMATE NORMAL PERIOD: 1991 TO 2020
CLIMATE RECORD PERIOD: 1917 TO 2022


WEATHER ITEM   OBSERVED RECORD YEAR NORMAL DEPARTURE LAST
                VALUE   VALUE       VALUE  FROM      YEAR
                                           NORMAL
............................................................
TEMPERATURE (F)
 YESTERDAY
  MAXIMUM         55     66    2018  53      2       50
  MINIMUM         42     24    1994  39      3       41
  AVERAGE         49                 46      3       46

PRECIPITATION (IN)
  YESTERDAY        0.30   3.85 1987   0.68  -0.38     1.64
  MONTH TO DATE    0.30               0.68  -0.38     1.64
  SINCE JAN 1    111.97              94.67  17.30    90.23

DEGREE DAYS
 HEATING
  YESTERDAY       16                 19     -3       19
  MONTH TO DATE   16                 19     -3       19
  SINCE SEP 1    438                487    -49      480
............................................................


WIND (MPH)
  HIGHEST WIND SPEED    21   HIGHEST WIND DIRECTION    SW (240)
  HIGHEST GUST SPEED    28   HIGHEST GUST DIRECTION    SW (240)
  AVERAGE WIND SPEED     6.9


SKY COVER
  AVERAGE SKY COVER 0.9


WEATHER CONDITIONS
THE FOLLOWING WEATHER WAS RECORDED YESTERDAY.
  HEAVY RAIN
  RAIN
  LIGHT RAIN
  FOG

..........................................................


THE YAKUTAT CLIMATE NORMALS FOR TODAY
                         NORMAL    RECORD    YEAR
 MAXIMUM TEMPERATURE (F)   53        62      1923
                                             1944
                                             1967
 MINIMUM TEMPERATURE (F)   39        24      1997


SUNRISE AND SUNSET
OCTOBER  2 2022.......SUNRISE   7:27 AM AKDT  SUNSET   6:48 PM AKDT
OCTOBER  3 2022.......SUNRISE   7:29 AM AKDT  SUNSET   6:45 PM AKDT


-  INDICATES NEGATIVE NUMBERS.
R  INDICATES RECORD WAS SET OR TIED.
MM INDICATES DATA IS MISSING.
T  INDICATES TRACE AMOUNT.




$$

--------------------------------------------------------------

AMOUNT OF DAYLIGHT TODAY (HOUR:MIN)......... 11 HOURS 21 MINUTES
GAIN/LOSS SINCE YESTERDAY (HOUR:MIN:SEC).... -0:05:17

$$
