000
CDUS46 KPDT 020830
CLIYKM

CLIMATE REPORT
NATIONAL WEATHER SERVICE PENDLETON, OR
130 AM PDT SUN OCT 02 2022

...................................

...THE YAKIMA WA CLIMATE SUMMARY FOR OCTOBER 1 2022...

CLIMATE NORMAL PERIOD 1991 TO 2020
CLIMATE RECORD PERIOD 1946 TO 2022


WEATHER ITEM   OBSERVED TIME   RECORD YEAR NORMAL DEPARTURE LAST
                VALUE   (LST)  VALUE       VALUE  FROM      YEAR
                                                  NORMAL
...................................................................
TEMPERATURE (F)
 YESTERDAY
  MAXIMUM         81    309 PM  88    1992  73      8       69
  MINIMUM         49    528 AM  23    1950  40      9       36
  AVERAGE         65                        56      9       53

PRECIPITATION (IN)
  YESTERDAY        0.00          0.16 1951   0.01  -0.01     0.00
  MONTH TO DATE    0.00                      0.01  -0.01     0.00
  SINCE OCT 1      0.00                      0.01  -0.01     0.00
  SINCE JAN 1      4.02                      5.08  -1.06     3.27

DEGREE DAYS
 HEATING
  YESTERDAY        0                         9     -9       12
  MONTH TO DATE    0                         9     -9       12
  SINCE SEP 1     48                       140    -92      135
  SINCE JUL 1     48                       173   -125      149

 COOLING
  YESTERDAY        0                         0      0        0
  MONTH TO DATE    0                         0      0        0
  SINCE SEP 1     63                        46     17       32
  SINCE JAN 1    786                       605    181     1053
...................................................................


WIND (MPH)
  HIGHEST WIND SPEED    12   HIGHEST WIND DIRECTION    NE (60)
  HIGHEST GUST SPEED    15   HIGHEST GUST DIRECTION    NE (40)
  AVERAGE WIND SPEED     6.6


SKY COVER
  POSSIBLE SUNSHINE  MM
  AVERAGE SKY COVER 0.0


WEATHER CONDITIONS
THE FOLLOWING WEATHER WAS RECORDED YESTERDAY.
  HAZE


RELATIVE HUMIDITY (PERCENT)
 HIGHEST    83           200 AM
 LOWEST     33           400 PM
 AVERAGE    58

..........................................................


THE YAKIMA WA CLIMATE NORMALS FOR TODAY
                         NORMAL    RECORD    YEAR
 MAXIMUM TEMPERATURE (F)   72        85      1988
                                             2003
 MINIMUM TEMPERATURE (F)   40        27      2019


SUNRISE AND SUNSET
OCTOBER  2 2022.......SUNRISE   702 AM PDT   SUNSET   640 PM PDT
OCTOBER  3 2022.......SUNRISE   704 AM PDT   SUNSET   638 PM PDT


-  INDICATES NEGATIVE NUMBERS.
R  INDICATES RECORD WAS SET OR TIED.
MM INDICATES DATA IS MISSING.
T  INDICATES TRACE AMOUNT.




$$
