000
CDUS41 KCLE 060534
CLIYNG

CLIMATE REPORT
NATIONAL WEATHER SERVICE CLEVELAND, OH
134 AM EDT THU OCT 06 2022

...................................

...THE YOUNGSTOWN OH CLIMATE SUMMARY FOR OCTOBER 5 2022...

CLIMATE NORMAL PERIOD 1991 TO 2020
CLIMATE RECORD PERIOD 1897 TO 2022


WEATHER ITEM   OBSERVED TIME   RECORD YEAR NORMAL DEPARTURE LAST
                VALUE   (LST)  VALUE       VALUE  FROM      YEAR
                                                  NORMAL
...................................................................
TEMPERATURE (F)
 YESTERDAY
  MAXIMUM         73    333 PM  87    1951  67      6       78
  MINIMUM         36    541 AM  29    1897  46    -10       57
                                      1980
  AVERAGE         55                        56     -1       68

PRECIPITATION (IN)
  YESTERDAY        0.00                      0.11  -0.11     0.00
  MONTH TO DATE    0.00                      0.52  -0.52     0.30
  SINCE SEP 1      2.82                      4.36  -1.54     1.60
  SINCE JAN 1     29.38                     32.24  -2.86    34.26

SNOWFALL (IN)
  YESTERDAY        0.0                       0.0    0.0      0.0
  MONTH TO DATE    0.0                       0.0    0.0      0.0
  SINCE SEP 1      0.0                       0.0    0.0      0.0
  SINCE JUL 1      0.0                       0.0    0.0      0.0
  SNOW DEPTH       0

DEGREE DAYS
 HEATING
  YESTERDAY       10                        10      0        0
  MONTH TO DATE   58                        44     14       14
  SINCE SEP 1    160                       163     -3       74
  SINCE JUL 1    162                       189    -27       81

 COOLING
  YESTERDAY        0                         1     -1        3
  MONTH TO DATE    0                         5     -5        8
  SINCE SEP 1     81                        70     11       83
  SINCE JAN 1    769                       629    140      849
...................................................................


WIND (MPH)
  HIGHEST WIND SPEED    12   HIGHEST WIND DIRECTION    NW (330)
  HIGHEST GUST SPEED    17   HIGHEST GUST DIRECTION     N (340)
  AVERAGE WIND SPEED     2.7


SKY COVER
  POSSIBLE SUNSHINE  MM
  AVERAGE SKY COVER 0.2


WEATHER CONDITIONS
THE FOLLOWING WEATHER WAS RECORDED YESTERDAY.
  FOG


RELATIVE HUMIDITY (PERCENT)
 HIGHEST    96           600 AM
 LOWEST     32           100 PM
 AVERAGE    64

..........................................................


THE YOUNGSTOWN OH CLIMATE NORMALS FOR TODAY
                         NORMAL    RECORD    YEAR
 MAXIMUM TEMPERATURE (F)   66        86      1946
 MINIMUM TEMPERATURE (F)   45        28      1965


SUNRISE AND SUNSET
OCTOBER  6 2022.......SUNRISE   725 AM EDT   SUNSET   656 PM EDT
OCTOBER  7 2022.......SUNRISE   726 AM EDT   SUNSET   654 PM EDT


-  INDICATES NEGATIVE NUMBERS.
R  INDICATES RECORD WAS SET OR TIED.
MM INDICATES DATA IS MISSING.
T  INDICATES TRACE AMOUNT.




$$
