000
CDUS41 KPBZ 052122
CLIZZV

CLIMATE REPORT
NATIONAL WEATHER SERVICE PITTSBURGH PA
522 PM EDT WED OCT 05 2022

...................................

...THE ZANESVILLE OH CLIMATE SUMMARY FOR OCTOBER 5 2022...
VALID TODAY AS OF 0500 PM LOCAL TIME.

CLIMATE NORMAL PERIOD 1991 TO 2020
CLIMATE RECORD PERIOD 1895 TO 2022


WEATHER ITEM   OBSERVED TIME   RECORD YEAR NORMAL DEPARTURE LAST
                VALUE   (LST)  VALUE       VALUE  FROM      YEAR
                                                  NORMAL
...................................................................
TEMPERATURE (F)
 TODAY
  MAXIMUM         73    343 PM  90    1941  70      3       80
  MINIMUM         37    629 AM  27    1950  47    -10       58
                                      1965
                                      1968
  AVERAGE         55                        58     -3       69

PRECIPITATION (IN)
  TODAY            0.00          1.60 1995   0.09  -0.09     0.00
  MONTH TO DATE    0.12                      0.46  -0.34     0.18
  SINCE SEP 1      3.59                      3.58   0.01     2.79
  SINCE JAN 1     37.32                     30.80   6.52    25.87

DEGREE DAYS
 HEATING
  TODAY           10                         8      2        0
  MONTH TO DATE   50                        34     16       12
  SINCE SEP 1    142                       109     33       60
  SINCE JUL 1    143                       115     28       60

 COOLING
  TODAY            0                         1     -1        4
  MONTH TO DATE    0                         5     -5       11
  SINCE SEP 1     91                       108    -17      121
  SINCE JAN 1    907                       903      4     1040
...................................................................


WIND (MPH)
  HIGHEST WIND SPEED     9   HIGHEST WIND DIRECTION    NW (300)
  HIGHEST GUST SPEED    12   HIGHEST GUST DIRECTION    NW (330)
  AVERAGE WIND SPEED     1.6


SKY COVER
  POSSIBLE SUNSHINE  MM
  AVERAGE SKY COVER 0.0


WEATHER CONDITIONS
THE FOLLOWING WEATHER WAS RECORDED TODAY.
  NO SIGNIFICANT WEATHER WAS OBSERVED.


RELATIVE HUMIDITY (PERCENT)
 HIGHEST    93           600 AM
 LOWEST     41           400 PM
 AVERAGE    67

..........................................................


THE ZANESVILLE OH CLIMATE NORMALS FOR TOMORROW
                         NORMAL    RECORD    YEAR
 MAXIMUM TEMPERATURE (F)   70        90      1900
 MINIMUM TEMPERATURE (F)   47        26      1964


SUNRISE AND SUNSET
OCTOBER  5 2022.......SUNRISE   728 AM EDT   SUNSET   703 PM EDT
OCTOBER  6 2022.......SUNRISE   729 AM EDT   SUNSET   702 PM EDT


-  INDICATES NEGATIVE NUMBERS.
R  INDICATES RECORD WAS SET OR TIED.
MM INDICATES DATA IS MISSING.
T  INDICATES TRACE AMOUNT.




$$
