000
CXUS51 KBTV 011238
CLM1V4

CLIMATE REPORT
NATIONAL WEATHER SERVICE BURLINGTON VT
838 AM EDT SAT OCT 01 2022

...................................

...THE SAINT JOHNSBURY VT ASOS CLIMATE SUMMARY FOR THE MONTH OF SEPTEMBER 2022...

CLIMATE NORMAL PERIOD: 1991 TO 2020
CLIMATE RECORD PERIOD: 1998 TO 2022

WEATHER         OBSERVED          NORMAL  DEPART   LAST YEAR`S
                VALUE   DATE(S)   VALUE   FROM     VALUE DATE(S)
                                          NORMAL
................................................................
TEMPERATURE (F)
RECORD
 HIGH             95
 LOW              22
HIGHEST           71   09/26         MM      MM       81  09/08
LOWEST            34   09/30         MM      MM       38  09/29
AVG. MAXIMUM    62.4               69.7    -7.3     71.4
AVG. MINIMUM    43.8               47.9    -4.1     50.0
MEAN            53.1               58.8    -5.7     60.7
DAYS MAX >= 90     0                0.3    -0.3        0
DAYS MAX <= 32     0                0.0     0.0        0
DAYS MIN <= 32     0                0.5    -0.5        0
DAYS MIN <= 0      0                0.0     0.0        0

PRECIPITATION (INCHES)
RECORD
 MAXIMUM        8.59   1999
 MINIMUM        0.68   1908
TOTALS          0.00R              3.32   -3.32     2.17
DAILY AVG.      0.00               0.11   -0.11     0.07
DAYS >= .01        0               12.1   -12.1       11
DAYS >= .10        0                6.5    -6.5        4
DAYS >= .50        0                2.2    -2.2        2
DAYS >= 1.00       0                0.9    -0.9        0
GREATEST
 24 HR. TOTAL     MM    MM                          0.79
 STORM TOTAL    0.00                                0.79
 (MM/DD(HH))            MM


DEGREE DAYS
HEATING TOTAL    127                214     -87      138
 SINCE 7/1       133                281    -148       MM
COOLING TOTAL      0                 28     -28       18
 SINCE 1/1       100                329    -229       MM
................................................................

WIND (MPH)
AVERAGE WIND SPEED              MM

SKY COVER
POSSIBLE SUNSHINE (PERCENT)   MM
AVERAGE SKY COVER           0.00
NUMBER OF DAYS FAIR           11
NUMBER OF DAYS PC              0
NUMBER OF DAYS CLOUDY          0

AVERAGE RH (PERCENT)     76

WEATHER CONDITIONS. NUMBER OF DAYS WITH
THUNDERSTORM              0     MIXED PRECIP               0
HEAVY RAIN                0     RAIN                       0
LIGHT RAIN                0     FREEZING RAIN              0
LT FREEZING RAIN          0     HAIL                       0
HEAVY SNOW                0     SNOW                       0
LIGHT SNOW                0     SLEET                      0
FOG                       0     FOG W/VIS <= 1/4 MILE      0
HAZE                      0

-  INDICATES NEGATIVE NUMBERS.
R  INDICATES RECORD WAS SET OR TIED.
MM INDICATES DATA IS MISSING.
T  INDICATES TRACE AMOUNT.

$$
