000
CXUS53 KUNR 011542
CLM2WX

CLIMATE REPORT
NATIONAL WEATHER SERVICE RAPID CITY SD
942 AM MDT THU SEP 01 2022

...................................

...THE BUFFALO SD CLIMATE SUMMARY FOR THE MONTH OF AUGUST 2022...

CLIMATE NORMAL PERIOD 1991 TO 2020
CLIMATE RECORD PERIOD 9999 TO 9999

WEATHER         OBSERVED          NORMAL  DEPART   LAST YEAR`S
                VALUE   DATE(S)   VALUE   FROM     VALUE DATE(S)
                                          NORMAL
................................................................
TEMPERATURE (F)
HIGHEST          104   08/01                         106  08/17
LOWEST            52   08/29                          47  08/21
AVG. MAXIMUM    90.7               85.0     5.7     87.5
AVG. MINIMUM    59.9               55.9     4.0     57.1
MEAN            75.3               70.5     4.8     72.3
DAYS MAX >= 90    21                                  15
DAYS MAX <= 32     0                                   0
DAYS MIN <= 32     0                                   0
DAYS MIN <= 0      0                                   0

PRECIPITATION (INCHES)
TOTALS          0.78R              1.13   -0.35     0.90
DAILY AVG.      0.03               0.04   -0.01     0.03
DAYS >= .01        5                                   8
DAYS >= .10        3                                   3
DAYS >= .50        0                                   0
DAYS >= 1.00       0                                   0
GREATEST
 24 HR. TOTAL   0.39   08/06 TO 08/07               0.61


DEGREE DAYS
HEATING TOTAL      6                 30     -24       14
 SINCE 7/1         6                 40     -34       MM
COOLING TOTAL    331                199     132      249
 SINCE 1/1       716                518     198       MM
................................................................

WIND (MPH)
AVERAGE WIND SPEED              10.0
HIGHEST WIND SPEED/DIRECTION    45/290    DATE  08/27
HIGHEST GUST SPEED/DIRECTION    55/290    DATE  08/27

AVERAGE RH (PERCENT)     52


-  INDICATES NEGATIVE NUMBERS.
R  INDICATES RECORD WAS SET OR TIED.
MM INDICATES DATA IS MISSING.
T  INDICATES TRACE AMOUNT.

$$
