000
CXUS51 KPHI 040236
CLM55N

CLIMATE REPORT
NATIONAL WEATHER SERVICE MOUNT HOLLY NJ
1036 PM EDT SAT SEP 03 2022

...................................

...THE ATLANTIC CITY MARINA CLIMATE SUMMARY FOR THE MONTH OF AUGUST 2022...

CLIMATE NORMAL PERIOD: 1991 TO 2020
CLIMATE RECORD PERIOD: 1873 TO 2022

WEATHER         OBSERVED          NORMAL  DEPART   LAST YEAR`S
                VALUE   DATE(S)   VALUE   FROM     VALUE
                                          NORMAL
..............................................................
TEMPERATURE (F)
RECORD
 HIGH            104   08/07/1918
 LOW              48   08/24/1890
HIGHEST           89   08/02         MM      MM       89
LOWEST            63   08/13         MM      MM       63
AVG. MAXIMUM    80.5               79.2     1.3     80.6
AVG. MINIMUM    71.7               70.3     1.4     72.6
MEAN            76.1               74.8     1.3     76.6
DAYS MAX >= 90     0                1.4    -1.4        0
DAYS MAX <= 32     0                0.0     0.0        0
DAYS MIN <= 32     0                0.0     0.0        0
DAYS MIN <= 0      0                0.0     0.0        0

PRECIPITATION (INCHES)
RECORD
 MAXIMUM       14.87   1882
 MINIMUM        0.16   1895
TOTALS          0.71               4.13   -3.42     8.52
DAILY AVG.      0.02               0.13   -0.11     0.27
DAYS >= .01        6                7.9    -1.9       12
DAYS >= .10        1                5.3    -4.3       10
DAYS >= .50        0                2.7    -2.7        5
DAYS >= 1.00       0                1.3    -1.3        4
GREATEST
 24 HR. TOTAL   0.48   08/11 TO 08/11               2.50


DEGREE DAYS
HEATING TOTAL      0                  0       0        0
 SINCE 7/1         0                  0       0       MM
COOLING TOTAL    350                302      48      369
 SINCE 1/1       915                823      92       MM
..............................................................

WIND (MPH)
AVERAGE WIND SPEED              7.7
HIGHEST WIND SPEED/DIRECTION    20/220    DATE  08/08



-  INDICATES NEGATIVE NUMBERS.
R  INDICATES RECORD WAS SET OR TIED.
MM INDICATES DATA IS MISSING.
T  INDICATES TRACE AMOUNT.

$$
