000
CXUS53 KABR 010702
CLM8D3

CLIMATE REPORT
NATIONAL WEATHER SERVICE ABERDEEN SD
202 AM CDT SAT OCT 01 2022

...................................

...THE SISSETON SD CLIMATE SUMMARY FOR THE MONTH OF SEPTEMBER 2022...

CLIMATE NORMAL PERIOD 1991 TO 2020
CLIMATE RECORD PERIOD 1900 TO 2022

WEATHER         OBSERVED          NORMAL  DEPART   LAST YEAR`S
                VALUE   DATE(S)   VALUE   FROM     VALUE DATE(S)
                                          NORMAL
................................................................
TEMPERATURE (F)
RECORD
 HIGH            102   09/08/1959
 LOW              22   09/26/1965
                       09/21/1934
HIGHEST           93   09/01         MM      MM       91  09/26
                                                          09/28
LOWEST            30   09/28         MM      MM       41  09/25
AVG. MAXIMUM    79.1               73.5     5.6     78.1
AVG. MINIMUM    49.2               48.0     1.2     51.3
MEAN            64.2               60.8     3.4     64.7
DAYS MAX >= 90     2                2.0     0.0        2
DAYS MAX <= 32     0                0.0     0.0        0
DAYS MIN <= 32     1                1.0     0.0        0
DAYS MIN <= 0      0                0.0     0.0        0

PRECIPITATION (INCHES)
RECORD
 MAXIMUM        6.42   2004
 MINIMUM           T   1998
TOTALS          0.08               2.45   -2.37     4.21
DAYS >= .01        3                8.4    -5.4        7
DAYS >= .10        0                4.4    -4.4        5
DAYS >= .50        0                1.9    -1.9        3
DAYS >= 1.00       0                0.6    -0.6        1

SNOWFALL (INCHES)
RECORDS
 TOTAL           4.0   1942
 SNOW DEPTH       MM   MM
TOTALS           0.0                0.0     0.0      0.0
SINCE 7/1        0.0                0.0     0.0       MM
SNOWDEPTH AVG.     0                                   0
DAYS >= TRACE      0                0.0     0.0        0
DAYS >= 1.0        0                0.0     0.0        0
GREATEST
 SNOW DEPTH        0                                   0  MM

DEGREE DAYS
HEATING TOTAL     95                180     -85       64
 SINCE 7/1       100                219    -119       MM
COOLING TOTAL     78                 53      25       64
 SINCE 1/1       914                562     352       MM

FREEZE DATES
RECORD
 EARLIEST     MM
 LATEST       MM
EARLIEST      09/28             MM
LATEST                          04/28
................................................................

WIND (MPH)
AVERAGE WIND SPEED              8.6
RESULTANT WIND SPEED/DIRECTION   1/210
HIGHEST WIND SPEED/DIRECTION    32/200    DATE  09/15
                                32/330          09/25
HIGHEST GUST SPEED/DIRECTION    48/210    DATE  09/15

-  INDICATES NEGATIVE NUMBERS.
R  INDICATES RECORD WAS SET OR TIED.
MM INDICATES DATA IS MISSING.
T  INDICATES TRACE AMOUNT.

$$
