000
CXUS54 KSJT 020113 CCA
CLMABI

CLIMATE REPORT
NATIONAL WEATHER SERVICE SAN ANGELO TX
813 PM CDT THU SEP 01 2022

...................................

...THE ABILENE CLIMATE SUMMARY FOR THE MONTH OF AUGUST 2022...

CLIMATE NORMAL PERIOD: 1991 TO 2020
CLIMATE RECORD PERIOD: 1886 TO 2022

WEATHER         OBSERVED          NORMAL  DEPART   LAST YEAR`S
                VALUE   DATE(S)   VALUE   FROM     VALUE DATE(S)
                                          NORMAL
................................................................
TEMPERATURE (F)
RECORD
 HIGH            111   08/03/1943
 LOW              50   08/28/1992
HIGHEST          106   08/04         MM      MM      102  08/08
                                                          08/09
LOWEST            67   08/24         MM      MM       59  08/03
AVG. MAXIMUM    97.5               96.0     1.5     94.7
AVG. MINIMUM    74.4               72.4     2.0     72.2
MEAN            85.9               84.2     1.7     83.5
DAYS MAX >= 90    28               25.2     2.8       27
DAYS MAX <= 32     0                0.0     0.0        0
DAYS MIN <= 32     0                0.0     0.0        0
DAYS MIN <= 0      0                0.0     0.0        0

PRECIPITATION (INCHES)
RECORD
 MAXIMUM       15.70   1914
 MINIMUM        0.00   2000
TOTALS          3.01               2.53    0.48     0.57
DAILY AVG.      0.10               0.08    0.02     0.02
DAYS >= .01        7                6.0     1.0        0
DAYS >= .10        5                3.9     1.1        0
DAYS >= .50        2                1.5     0.5        0
DAYS >= 1.00       1                0.6     0.4        0
GREATEST
 24 HR. TOTAL   2.41   08/29 TO 08/30

SNOWFALL (INCHES)
RECORDS
 TOTAL            MM   5
TOTALS           0.0                0.0     0.0       MM
SINCE 7/1        0.0                0.0     0.0       MM
SNOWDEPTH AVG.     0                                  MM
DAYS >= 1.0        0                0.0     0.0       MM
GREATEST
 SNOW DEPTH        0                                  MM  MM
 24 HR TOTAL      MM

DEGREE DAYS
HEATING TOTAL      0                  0       0        0
 SINCE 7/1         0                  0       0       MM
COOLING TOTAL    655                595      60      580
 SINCE 1/1      2862               2163     699       MM
................................................................

WIND (MPH)
AVERAGE WIND SPEED              8.6
HIGHEST WIND SPEED/DIRECTION    31/330    DATE  08/09
HIGHEST GUST SPEED/DIRECTION    41/330    DATE  08/09

SKY COVER
AVERAGE SKY COVER           0.21

AVERAGE RH (PERCENT)     52

WEATHER CONDITIONS. NUMBER OF DAYS WITH
THUNDERSTORM              5     MIXED PRECIP               0
HEAVY RAIN                3     RAIN                       3
LIGHT RAIN                7     FREEZING RAIN              0
LT FREEZING RAIN          0     HAIL                       0
HEAVY SNOW                0     SNOW                       0
LIGHT SNOW                0     SLEET                      0
FOG                       5     FOG W/VIS <= 1/4 MILE      0
HAZE                      0

-  INDICATES NEGATIVE NUMBERS.
R  INDICATES RECORD WAS SET OR TIED.
MM INDICATES DATA IS MISSING.
T  INDICATES TRACE AMOUNT.

$$
