000
CXUS53 KABR 010702
CLMABR

CLIMATE REPORT
NATIONAL WEATHER SERVICE ABERDEEN SD
202 AM CDT SAT OCT 01 2022

...................................

...THE ABERDEEN SD CLIMATE SUMMARY FOR THE MONTH OF SEPTEMBER 2022...

CLIMATE NORMAL PERIOD 1991 TO 2020
CLIMATE RECORD PERIOD 1893 TO 2022

WEATHER         OBSERVED          NORMAL  DEPART   LAST YEAR`S
                VALUE   DATE(S)   VALUE   FROM     VALUE DATE(S)
                                          NORMAL
................................................................
TEMPERATURE (F)
RECORD
 HIGH            107   09/10/1931
 LOW              11   09/29/1939
HIGHEST           95   09/01         MM      MM       94  09/28
LOWEST            31   09/28         MM      MM       31  09/25
AVG. MAXIMUM    79.9               74.9     5.0     79.2
AVG. MINIMUM    48.6               46.8     1.8     50.0
MEAN            64.3               60.9     3.3     64.6
DAYS MAX >= 90     4                1.5     2.5        2
DAYS MAX <= 32     0                0.0     0.0        0
DAYS MIN <= 32     1                1.9    -0.9        1
DAYS MIN <= 0      0                0.0     0.0        0

PRECIPITATION (INCHES)
RECORD
 MAXIMUM        6.00   1921
 MINIMUM        0.01   2012
TOTALS          0.11               1.99   -1.88     2.05
DAYS >= .01        3                7.7    -4.7        3
DAYS >= .10        0                4.1    -4.1        3
DAYS >= .50        0                1.4    -1.4        1
DAYS >= 1.00       0                0.3    -0.3        1

SNOWFALL (INCHES)
RECORDS
 TOTAL           0.6   1903
 SNOW DEPTH       MM   MM
TOTALS           0.0                0.0     0.0      0.0
SINCE 7/1          T                0.0     0.0       MM
SNOWDEPTH AVG.     0                                   0
DAYS >= TRACE      0                0.0     0.0        0
DAYS >= 1.0        0                0.0     0.0        0
GREATEST
 SNOW DEPTH        0                                   0  MM

DEGREE DAYS
HEATING TOTAL    107                180     -73       74
 SINCE 7/1       116                215     -99       MM
COOLING TOTAL     92                 56      36       71
 SINCE 1/1       832                626     206       MM

FREEZE DATES
RECORD
 EARLIEST     MM
 LATEST       MM
EARLIEST      09/28             MM
LATEST                          05/22
................................................................

WIND (MPH)
AVERAGE WIND SPEED              9.2
RESULTANT WIND SPEED/DIRECTION   2/160
HIGHEST WIND SPEED/DIRECTION    30/350    DATE  09/25
HIGHEST GUST SPEED/DIRECTION    44/320    DATE  09/25

SKY COVER
POSSIBLE SUNSHINE (PERCENT)   MM
AVERAGE SKY COVER           0.13
NUMBER OF DAYS FAIR           25
NUMBER OF DAYS PC              4
NUMBER OF DAYS CLOUDY          1

AVERAGE RH (PERCENT)     63

WEATHER CONDITIONS. NUMBER OF DAYS WITH
THUNDERSTORM              2     MIXED PRECIP               0
HEAVY RAIN                0     RAIN                       0
LIGHT RAIN                4     FREEZING RAIN              0
LT FREEZING RAIN          0     HAIL                       0
HEAVY SNOW                0     SNOW                       0
LIGHT SNOW                0     SLEET                      0
FOG                      11     FOG W/VIS <= 1/4 MILE      3
HAZE                      5

-  INDICATES NEGATIVE NUMBERS.
R  INDICATES RECORD WAS SET OR TIED.
MM INDICATES DATA IS MISSING.
T  INDICATES TRACE AMOUNT.

$$
