000
CXUS52 KTAE 011350
CLMABY

CLIMATE REPORT
NATIONAL WEATHER SERVICE TALLAHASSEE FL
950 AM EDT THU SEP 01 2022

...................................

...THE ALBANY CLIMATE SUMMARY FOR THE MONTH OF AUGUST 2022...

CLIMATE NORMAL PERIOD 1991 TO 2020
CLIMATE RECORD PERIOD 1930 TO 2022

WEATHER         OBSERVED          NORMAL  DEPART   LAST YEAR`S
                VALUE   DATE(S)   VALUE   FROM     VALUE DATE(S)
                                          NORMAL
................................................................
TEMPERATURE (F)
RECORD
 HIGH            106   MM
 LOW              44   08/02/2008
HIGHEST           97   08/04         99      -2       99  08/10
                                                          08/13
LOWEST            69   08/14         MM      MM       72  08/06
                       08/15
AVG. MAXIMUM    90.3               92.4    -2.1     94.1
AVG. MINIMUM    72.4               72.9    -0.5     75.0
MEAN            81.4               82.7    -1.3     84.6
DAYS MAX >= 90    20               24.5    -4.5       26
DAYS MAX <= 32     0                0.0     0.0        0
DAYS MIN <= 32     0                0.0     0.0        0
DAYS MIN <= 0      0                0.0     0.0        0

PRECIPITATION (INCHES)
RECORD
 MAXIMUM        7.72   2021
 MINIMUM        5.23   2020
TOTALS          6.89               4.83    2.06     7.72

SNOWFALL (INCHES)
TOTALS            MM

DEGREE DAYS
HEATING TOTAL      0                  0       0        0
 SINCE 7/1         0                  0       0       MM
COOLING TOTAL    516                547     -31      617
 SINCE 1/1      2418               2086     332       MM
................................................................

WIND (MPH)
AVERAGE WIND SPEED              3.7
HIGHEST WIND SPEED/DIRECTION    41/180    DATE  08/09
HIGHEST GUST SPEED/DIRECTION    48/190    DATE  08/09
                                48/210          08/10

SKY COVER
POSSIBLE SUNSHINE (PERCENT)   MM
AVERAGE SKY COVER           0.29
NUMBER OF DAYS FAIR           20
NUMBER OF DAYS PC             10
NUMBER OF DAYS CLOUDY          1

AVERAGE RH (PERCENT)     75

WEATHER CONDITIONS. NUMBER OF DAYS WITH
THUNDERSTORM             21     MIXED PRECIP               0
HEAVY RAIN               11     RAIN                      10
LIGHT RAIN               24     FREEZING RAIN              0
LT FREEZING RAIN          0     HAIL                       0
HEAVY SNOW                0     SNOW                       0
LIGHT SNOW                0     SLEET                      0
FOG                      25     FOG W/VIS <= 1/4 MILE      2
HAZE                      4

-  INDICATES NEGATIVE NUMBERS.
R  INDICATES RECORD WAS SET OR TIED.
MM INDICATES DATA IS MISSING.
T  INDICATES TRACE AMOUNT.

$$
