000
CXUS54 KFWD 010731
CLMACT

CLIMATE REPORT
NATIONAL WEATHER SERVICE FORT WORTH TX
231 AM CDT SAT OCT 01 2022

...................................

...THE WACO CLIMATE SUMMARY FOR THE MONTH OF SEPTEMBER 2022...

CLIMATE NORMAL PERIOD 1991 TO 2020
CLIMATE RECORD PERIOD 1901 TO 2022

WEATHER         OBSERVED          NORMAL  DEPART   LAST YEAR`S
                VALUE   DATE(S)   VALUE   FROM     VALUE DATE(S)
                                          NORMAL
................................................................
TEMPERATURE (F)
RECORD
 HIGH            111   09/04/2000
 LOW              39   09/27/1942
HIGHEST          101   09/22         99       2      101  09/05
                       09/23
                       09/25
                                                          09/20
LOWEST            51   09/27         53      -2       49  09/23
AVG. MAXIMUM    95.0               90.8     4.2     92.9
AVG. MINIMUM    67.6               66.7     0.9     66.8
MEAN            81.3               78.7     2.6     79.8
DAYS MAX >= 90    26               18.9     7.1       25
DAYS MAX <= 32     0                0.0     0.0        0
DAYS MAX >= 100    4                                   2
DAYS MIN <= 32     0                0.0     0.0        0
DAYS MIN <= 0      0                0.0     0.0        0
DAYS MIN >= 80     0                                   0

PRECIPITATION (INCHES)
RECORD
 MAXIMUM       11.17   1913
 MINIMUM        0.00   1956
TOTALS          0.41               2.87   -2.46     0.94
DAILY AVG.      0.01               0.10   -0.09     0.03
DAYS >= .01        1                5.8    -4.8        2
DAYS >= .10        1                3.9    -2.9        2
DAYS >= .50        0                1.6    -1.6        1
DAYS >= 1.00       0                0.9    -0.9        0
GREATEST
 24 HR. TOTAL   0.41   09/02 TO 09/02               0.77

DEGREE DAYS
HEATING TOTAL      0                  3      -3        0
 SINCE 7/1         0                  0       0       MM
COOLING TOTAL    497                416      81      452
 SINCE 1/1      3374               2657     717       MM
................................................................

WIND (MPH)
AVERAGE WIND SPEED              6.4
HIGHEST WIND SPEED/DIRECTION    30/030    DATE  09/04
HIGHEST GUST SPEED/DIRECTION    49/030    DATE  09/04

SKY COVER
POSSIBLE SUNSHINE (PERCENT)   MM
AVERAGE SKY COVER           0.11
NUMBER OF DAYS FAIR           29
NUMBER OF DAYS PC              1
NUMBER OF DAYS CLOUDY          0

AVERAGE RH (PERCENT)     59

WEATHER CONDITIONS. NUMBER OF DAYS WITH
THUNDERSTORM              4     MIXED PRECIP               0
HEAVY RAIN                1     RAIN                       1
LIGHT RAIN                3     FREEZING RAIN              0
LT FREEZING RAIN          0     HAIL                       0
HEAVY SNOW                0     SNOW                       0
LIGHT SNOW                0     SLEET                      0
FOG                       2     FOG W/VIS <= 1/4 MILE      0
HAZE                      2

-  INDICATES NEGATIVE NUMBERS.
R  INDICATES RECORD WAS SET OR TIED.
MM INDICATES DATA IS MISSING.
T  INDICATES TRACE AMOUNT.

$$
